{"version":"1.0","provider_name":"ADAC Tourenwagen Junior Cup","provider_url":"https:\/\/www.tourenwagenjuniorcup.de\/en\/","author_name":"Matthias Meyer","author_url":"https:\/\/www.tourenwagenjuniorcup.de\/en\/author\/matthias\/","title":"BEN BENDLER: SP\u00c4TEINSTEIGER MIT KLAREM ZIEL | ADAC Tourenwagen Junior Cup","type":"rich","width":600,"height":338,"html":"<blockquote class=\"wp-embedded-content\" data-secret=\"fAKltQ3LtX\"><a href=\"https:\/\/www.tourenwagenjuniorcup.de\/ben-bendler-spaeteinsteiger-mit-klarem-ziel\/\">BEN BENDLER: SP\u00c4TEINSTEIGER MIT KLAREM ZIEL<\/a><\/blockquote><iframe sandbox=\"allow-scripts\" security=\"restricted\" src=\"https:\/\/www.tourenwagenjuniorcup.de\/ben-bendler-spaeteinsteiger-mit-klarem-ziel\/embed\/#?secret=fAKltQ3LtX\" width=\"600\" height=\"338\" title=\"&#8220;BEN BENDLER: SP\u00c4TEINSTEIGER MIT KLAREM ZIEL&#8221; &#8212; ADAC Tourenwagen Junior Cup\" data-secret=\"fAKltQ3LtX\" frameborder=\"0\" marginwidth=\"0\" marginheight=\"0\" scrolling=\"no\" class=\"wp-embedded-content\"><\/iframe><script type=\"text\/javascript\">\n\/* <![CDATA[ *\/\n\/*! This file is auto-generated *\/\n!function(d,l){\"use strict\";l.querySelector&&d.addEventListener&&\"undefined\"!=typeof URL&&(d.wp=d.wp||{},d.wp.receiveEmbedMessage||(d.wp.receiveEmbedMessage=function(e){var t=e.data;if((t||t.secret||t.message||t.value)&&!\/[^a-zA-Z0-9]\/.test(t.secret)){for(var s,r,n,a=l.querySelectorAll('iframe[data-secret=\"'+t.secret+'\"]'),o=l.querySelectorAll('blockquote[data-secret=\"'+t.secret+'\"]'),c=new RegExp(\"^https?:$\",\"i\"),i=0;i<o.length;i++)o[i].style.display=\"none\";for(i=0;i<a.length;i++)s=a[i],e.source===s.contentWindow&&(s.removeAttribute(\"style\"),\"height\"===t.message?(1e3<(r=parseInt(t.value,10))?r=1e3:~~r<200&&(r=200),s.height=r):\"link\"===t.message&&(r=new URL(s.getAttribute(\"src\")),n=new URL(t.value),c.test(n.protocol))&&n.host===r.host&&l.activeElement===s&&(d.top.location.href=t.value))}},d.addEventListener(\"message\",d.wp.receiveEmbedMessage,!1),l.addEventListener(\"DOMContentLoaded\",function(){for(var e,t,s=l.querySelectorAll(\"iframe.wp-embedded-content\"),r=0;r<s.length;r++)(t=(e=s[r]).getAttribute(\"data-secret\"))||(t=Math.random().toString(36).substring(2,12),e.src+=\"#?secret=\"+t,e.setAttribute(\"data-secret\",t)),e.contentWindow.postMessage({message:\"ready\",secret:t},\"*\")},!1)))}(window,document);\n\/* ]]> *\/\n<\/script>\n","thumbnail_url":"https:\/\/www.tourenwagenjuniorcup.de\/wp-content\/uploads\/Ben-Bendler-2025.jpg","thumbnail_width":1920,"thumbnail_height":1280,"description":"Erst mit 13 Jahren sa\u00df Ben Bendler zum ersten Mal in einem Rennkart, vier Jahre sp\u00e4ter bestritt er seine erste komplette Saison im ADAC Tourenwagen Junior Cup. Der Ostwestfale ist ein Quereinsteiger im Motorsport \u2013 doch er hat ehrgeizige Pl\u00e4ne. 2025 will er regelm\u00e4\u00dfig um Podestpl\u00e4tze k\u00e4mpfen. Von seinem motorsportlichen Erfahrungsr\u00fcckstand war nicht viel zu merken: Schon in seinem ersten ... Read More"}

BEN BENDLER: SPÄTEINSTEIGER MIT KLAREM ZIEL | ADAC Tourenwagen Junior Cup

<blockquote class="wp-embedded-content" data-secret="fAKltQ3LtX"><a href="https://www.tourenwagenjuniorcup.de/ben-bendler-spaeteinsteiger-mit-klarem-ziel/">BEN BENDLER: SPÄTEINSTEIGER MIT KLAREM ZIEL</a></blockquote><iframe sandbox="allow-scripts" security="restricted" src="https://www.tourenwagenjuniorcup.de/ben-bendler-spaeteinsteiger-mit-klarem-ziel/embed/#?secret=fAKltQ3LtX" width="600" height="338" title="&#8220;BEN BENDLER: SPÄTEINSTEIGER MIT KLAREM ZIEL&#8221; &#8212; ADAC Tourenwagen Junior Cup" data-secret="fAKltQ3LtX" frameborder="0" marginwidth="0" marginheight="0" scrolling="no" class="wp-embedded-content"></iframe><script type="text/javascript">
/* <![CDATA[ */
/*! This file is auto-generated */
!function(d,l){"use strict";l.querySelector&&d.addEventListener&&"undefined"!=typeof URL&&(d.wp=d.wp||{},d.wp.receiveEmbedMessage||(d.wp.receiveEmbedMessage=function(e){var t=e.data;if((t||t.secret||t.message||t.value)&&!/[^a-zA-Z0-9]/.test(t.secret)){for(var s,r,n,a=l.querySelectorAll('iframe[data-secret="'+t.secret+'"]'),o=l.querySelectorAll('blockquote[data-secret="'+t.secret+'"]'),c=new RegExp("^https?:$","i"),i=0;i<o.length;i++)o[i].style.display="none";for(i=0;i<a.length;i++)s=a[i],e.source===s.contentWindow&&(s.removeAttribute("style"),"height"===t.message?(1e3<(r=parseInt(t.value,10))?r=1e3:~~r<200&&(r=200),s.height=r):"link"===t.message&&(r=new URL(s.getAttribute("src")),n=new URL(t.value),c.test(n.protocol))&&n.host===r.host&&l.activeElement===s&&(d.top.location.href=t.value))}},d.addEventListener("message",d.wp.receiveEmbedMessage,!1),l.addEventListener("DOMContentLoaded",function(){for(var e,t,s=l.querySelectorAll("iframe.wp-embedded-content"),r=0;r<s.length;r++)(t=(e=s[r]).getAttribute("data-secret"))||(t=Math.random().toString(36).substring(2,12),e.src+="#?secret="+t,e.setAttribute("data-secret",t)),e.contentWindow.postMessage({message:"ready",secret:t},"*")},!1)))}(window,document);
/* ]]> */
</script>

Erst mit 13 Jahren saß Ben Bendler zum ersten Mal in einem Rennkart, vier Jahre später bestritt er seine erste komplette Saison im ADAC Tourenwagen Junior Cup. Der Ostwestfale ist ein Quereinsteiger im Motorsport – doch er hat ehrgeizige Pläne. 2025 will er regelmäßig um Podestplätze kämpfen. Von seinem motorsportlichen Erfahrungsrückstand war nicht viel zu merken: Schon in seinem ersten ... Read More
