{"version":"1.0","provider_name":"ADAC Tourenwagen Junior Cup","provider_url":"https:\/\/www.tourenwagenjuniorcup.de\/en\/","author_name":"Matthias Meyer","author_url":"https:\/\/www.tourenwagenjuniorcup.de\/en\/author\/matthias\/","title":"DANIEL GREGOR F\u00c4HRT AUF DIE POLE POSITION | ADAC Tourenwagen Junior Cup","type":"rich","width":600,"height":338,"html":"<blockquote class=\"wp-embedded-content\" data-secret=\"rGf3O3CcWO\"><a href=\"https:\/\/www.tourenwagenjuniorcup.de\/daniel-gregor-faehrt-auf-die-pole-position\/\">DANIEL GREGOR F\u00c4HRT AUF DIE POLE POSITION<\/a><\/blockquote><iframe sandbox=\"allow-scripts\" security=\"restricted\" src=\"https:\/\/www.tourenwagenjuniorcup.de\/daniel-gregor-faehrt-auf-die-pole-position\/embed\/#?secret=rGf3O3CcWO\" width=\"600\" height=\"338\" title=\"&#8220;DANIEL GREGOR F\u00c4HRT AUF DIE POLE POSITION&#8221; &#8212; ADAC Tourenwagen Junior Cup\" data-secret=\"rGf3O3CcWO\" frameborder=\"0\" marginwidth=\"0\" marginheight=\"0\" scrolling=\"no\" class=\"wp-embedded-content\"><\/iframe><script type=\"text\/javascript\">\n\/* <![CDATA[ *\/\n\/*! This file is auto-generated *\/\n!function(d,l){\"use strict\";l.querySelector&&d.addEventListener&&\"undefined\"!=typeof URL&&(d.wp=d.wp||{},d.wp.receiveEmbedMessage||(d.wp.receiveEmbedMessage=function(e){var t=e.data;if((t||t.secret||t.message||t.value)&&!\/[^a-zA-Z0-9]\/.test(t.secret)){for(var s,r,n,a=l.querySelectorAll('iframe[data-secret=\"'+t.secret+'\"]'),o=l.querySelectorAll('blockquote[data-secret=\"'+t.secret+'\"]'),c=new RegExp(\"^https?:$\",\"i\"),i=0;i<o.length;i++)o[i].style.display=\"none\";for(i=0;i<a.length;i++)s=a[i],e.source===s.contentWindow&&(s.removeAttribute(\"style\"),\"height\"===t.message?(1e3<(r=parseInt(t.value,10))?r=1e3:~~r<200&&(r=200),s.height=r):\"link\"===t.message&&(r=new URL(s.getAttribute(\"src\")),n=new URL(t.value),c.test(n.protocol))&&n.host===r.host&&l.activeElement===s&&(d.top.location.href=t.value))}},d.addEventListener(\"message\",d.wp.receiveEmbedMessage,!1),l.addEventListener(\"DOMContentLoaded\",function(){for(var e,t,s=l.querySelectorAll(\"iframe.wp-embedded-content\"),r=0;r<s.length;r++)(t=(e=s[r]).getAttribute(\"data-secret\"))||(t=Math.random().toString(36).substring(2,12),e.src+=\"#?secret=\"+t,e.setAttribute(\"data-secret\",t)),e.contentWindow.postMessage({message:\"ready\",secret:t},\"*\")},!1)))}(window,document);\n\/* ]]> *\/\n<\/script>\n","thumbnail_url":"https:\/\/www.tourenwagenjuniorcup.de\/wp-content\/uploads\/Assen-TT-Gregor-on-Pole.jpg","thumbnail_width":1920,"thumbnail_height":1080,"description":"Im ersten Qualifying des Tourenwagen Junior Cup auf dem TT Circuit im niederl\u00e4ndischen Assen f\u00e4hrt Daniel Gregor die schnellste Rundenzeit und steht somit auf der Pole Position f\u00fcr das erste Rennen. Neben dem 15-j\u00e4hrigen Nachwuchsfahrer des K\u00dcS Team Bernhard startet Jan Noller (Lubner Motorsport) von Startplatz zwei in das Rennen am Nachmittag. Bereits im gestrigen freien Training war Daniel Gregor ... Read More"}

DANIEL GREGOR FÄHRT AUF DIE POLE POSITION | ADAC Tourenwagen Junior Cup

<blockquote class="wp-embedded-content" data-secret="rGf3O3CcWO"><a href="https://www.tourenwagenjuniorcup.de/daniel-gregor-faehrt-auf-die-pole-position/">DANIEL GREGOR FÄHRT AUF DIE POLE POSITION</a></blockquote><iframe sandbox="allow-scripts" security="restricted" src="https://www.tourenwagenjuniorcup.de/daniel-gregor-faehrt-auf-die-pole-position/embed/#?secret=rGf3O3CcWO" width="600" height="338" title="&#8220;DANIEL GREGOR FÄHRT AUF DIE POLE POSITION&#8221; &#8212; ADAC Tourenwagen Junior Cup" data-secret="rGf3O3CcWO" frameborder="0" marginwidth="0" marginheight="0" scrolling="no" class="wp-embedded-content"></iframe><script type="text/javascript">
/* <![CDATA[ */
/*! This file is auto-generated */
!function(d,l){"use strict";l.querySelector&&d.addEventListener&&"undefined"!=typeof URL&&(d.wp=d.wp||{},d.wp.receiveEmbedMessage||(d.wp.receiveEmbedMessage=function(e){var t=e.data;if((t||t.secret||t.message||t.value)&&!/[^a-zA-Z0-9]/.test(t.secret)){for(var s,r,n,a=l.querySelectorAll('iframe[data-secret="'+t.secret+'"]'),o=l.querySelectorAll('blockquote[data-secret="'+t.secret+'"]'),c=new RegExp("^https?:$","i"),i=0;i<o.length;i++)o[i].style.display="none";for(i=0;i<a.length;i++)s=a[i],e.source===s.contentWindow&&(s.removeAttribute("style"),"height"===t.message?(1e3<(r=parseInt(t.value,10))?r=1e3:~~r<200&&(r=200),s.height=r):"link"===t.message&&(r=new URL(s.getAttribute("src")),n=new URL(t.value),c.test(n.protocol))&&n.host===r.host&&l.activeElement===s&&(d.top.location.href=t.value))}},d.addEventListener("message",d.wp.receiveEmbedMessage,!1),l.addEventListener("DOMContentLoaded",function(){for(var e,t,s=l.querySelectorAll("iframe.wp-embedded-content"),r=0;r<s.length;r++)(t=(e=s[r]).getAttribute("data-secret"))||(t=Math.random().toString(36).substring(2,12),e.src+="#?secret="+t,e.setAttribute("data-secret",t)),e.contentWindow.postMessage({message:"ready",secret:t},"*")},!1)))}(window,document);
/* ]]> */
</script>

Im ersten Qualifying des Tourenwagen Junior Cup auf dem TT Circuit im niederländischen Assen fährt Daniel Gregor die schnellste Rundenzeit und steht somit auf der Pole Position für das erste Rennen. Neben dem 15-jährigen Nachwuchsfahrer des KÜS Team Bernhard startet Jan Noller (Lubner Motorsport) von Startplatz zwei in das Rennen am Nachmittag. Bereits im gestrigen freien Training war Daniel Gregor ... Read More
