{"version":"1.0","provider_name":"ADAC Tourenwagen Junior Cup","provider_url":"https:\/\/www.tourenwagenjuniorcup.de\/en\/","author_name":"Matthias Meyer","author_url":"https:\/\/www.tourenwagenjuniorcup.de\/en\/author\/matthias\/","title":"DIE JAGD AUF KONRAD BEGINNT AM N\u00dcRBURGRING | ADAC Tourenwagen Junior Cup","type":"rich","width":600,"height":338,"html":"<blockquote class=\"wp-embedded-content\" data-secret=\"Nt0fQJV2Gi\"><a href=\"https:\/\/www.tourenwagenjuniorcup.de\/die-jagd-auf-konrad-beginnt-am-nuerburgring\/\">DIE JAGD AUF KONRAD BEGINNT AM N\u00dcRBURGRING<\/a><\/blockquote><iframe sandbox=\"allow-scripts\" security=\"restricted\" src=\"https:\/\/www.tourenwagenjuniorcup.de\/die-jagd-auf-konrad-beginnt-am-nuerburgring\/embed\/#?secret=Nt0fQJV2Gi\" width=\"600\" height=\"338\" title=\"&#8220;DIE JAGD AUF KONRAD BEGINNT AM N\u00dcRBURGRING&#8221; &#8212; ADAC Tourenwagen Junior Cup\" data-secret=\"Nt0fQJV2Gi\" frameborder=\"0\" marginwidth=\"0\" marginheight=\"0\" scrolling=\"no\" class=\"wp-embedded-content\"><\/iframe><script type=\"text\/javascript\">\n\/* <![CDATA[ *\/\n\/*! This file is auto-generated *\/\n!function(d,l){\"use strict\";l.querySelector&&d.addEventListener&&\"undefined\"!=typeof URL&&(d.wp=d.wp||{},d.wp.receiveEmbedMessage||(d.wp.receiveEmbedMessage=function(e){var t=e.data;if((t||t.secret||t.message||t.value)&&!\/[^a-zA-Z0-9]\/.test(t.secret)){for(var s,r,n,a=l.querySelectorAll('iframe[data-secret=\"'+t.secret+'\"]'),o=l.querySelectorAll('blockquote[data-secret=\"'+t.secret+'\"]'),c=new RegExp(\"^https?:$\",\"i\"),i=0;i<o.length;i++)o[i].style.display=\"none\";for(i=0;i<a.length;i++)s=a[i],e.source===s.contentWindow&&(s.removeAttribute(\"style\"),\"height\"===t.message?(1e3<(r=parseInt(t.value,10))?r=1e3:~~r<200&&(r=200),s.height=r):\"link\"===t.message&&(r=new URL(s.getAttribute(\"src\")),n=new URL(t.value),c.test(n.protocol))&&n.host===r.host&&l.activeElement===s&&(d.top.location.href=t.value))}},d.addEventListener(\"message\",d.wp.receiveEmbedMessage,!1),l.addEventListener(\"DOMContentLoaded\",function(){for(var e,t,s=l.querySelectorAll(\"iframe.wp-embedded-content\"),r=0;r<s.length;r++)(t=(e=s[r]).getAttribute(\"data-secret\"))||(t=Math.random().toString(36).substring(2,12),e.src+=\"#?secret=\"+t,e.setAttribute(\"data-secret\",t)),e.contentWindow.postMessage({message:\"ready\",secret:t},\"*\")},!1)))}(window,document);\n\/* ]]> *\/\n<\/script>\n","thumbnail_url":"https:\/\/www.tourenwagenjuniorcup.de\/wp-content\/uploads\/Nuerburgring_2025.jpg","thumbnail_width":1920,"thumbnail_height":1280,"description":"Julian Konrad (KONRAD-Motorsport) hat mit seinem \"Grand Slam\" beim Saisonauftakt in der Motorsport Arena Oschersleben ein klares Signal im Titelkampf gesetzt, jetzt steht sein Heimspiel an. Doch im Vorjahr triumphierte auch sein \u00e4rgster Widersacher Mike M\u00fcller (TOPCAR sport) auf dem N\u00fcrburgring. Beide lieferten sich einen packenden Kampf. Zwei volle Monate hatten die Youngster im ADAC Tourenwagen Junior Cup Zeit, ihre ... Read More"}

DIE JAGD AUF KONRAD BEGINNT AM NÜRBURGRING | ADAC Tourenwagen Junior Cup

<blockquote class="wp-embedded-content" data-secret="Nt0fQJV2Gi"><a href="https://www.tourenwagenjuniorcup.de/die-jagd-auf-konrad-beginnt-am-nuerburgring/">DIE JAGD AUF KONRAD BEGINNT AM NÜRBURGRING</a></blockquote><iframe sandbox="allow-scripts" security="restricted" src="https://www.tourenwagenjuniorcup.de/die-jagd-auf-konrad-beginnt-am-nuerburgring/embed/#?secret=Nt0fQJV2Gi" width="600" height="338" title="&#8220;DIE JAGD AUF KONRAD BEGINNT AM NÜRBURGRING&#8221; &#8212; ADAC Tourenwagen Junior Cup" data-secret="Nt0fQJV2Gi" frameborder="0" marginwidth="0" marginheight="0" scrolling="no" class="wp-embedded-content"></iframe><script type="text/javascript">
/* <![CDATA[ */
/*! This file is auto-generated */
!function(d,l){"use strict";l.querySelector&&d.addEventListener&&"undefined"!=typeof URL&&(d.wp=d.wp||{},d.wp.receiveEmbedMessage||(d.wp.receiveEmbedMessage=function(e){var t=e.data;if((t||t.secret||t.message||t.value)&&!/[^a-zA-Z0-9]/.test(t.secret)){for(var s,r,n,a=l.querySelectorAll('iframe[data-secret="'+t.secret+'"]'),o=l.querySelectorAll('blockquote[data-secret="'+t.secret+'"]'),c=new RegExp("^https?:$","i"),i=0;i<o.length;i++)o[i].style.display="none";for(i=0;i<a.length;i++)s=a[i],e.source===s.contentWindow&&(s.removeAttribute("style"),"height"===t.message?(1e3<(r=parseInt(t.value,10))?r=1e3:~~r<200&&(r=200),s.height=r):"link"===t.message&&(r=new URL(s.getAttribute("src")),n=new URL(t.value),c.test(n.protocol))&&n.host===r.host&&l.activeElement===s&&(d.top.location.href=t.value))}},d.addEventListener("message",d.wp.receiveEmbedMessage,!1),l.addEventListener("DOMContentLoaded",function(){for(var e,t,s=l.querySelectorAll("iframe.wp-embedded-content"),r=0;r<s.length;r++)(t=(e=s[r]).getAttribute("data-secret"))||(t=Math.random().toString(36).substring(2,12),e.src+="#?secret="+t,e.setAttribute("data-secret",t)),e.contentWindow.postMessage({message:"ready",secret:t},"*")},!1)))}(window,document);
/* ]]> */
</script>

Julian Konrad (KONRAD-Motorsport) hat mit seinem "Grand Slam" beim Saisonauftakt in der Motorsport Arena Oschersleben ein klares Signal im Titelkampf gesetzt, jetzt steht sein Heimspiel an. Doch im Vorjahr triumphierte auch sein ärgster Widersacher Mike Müller (TOPCAR sport) auf dem Nürburgring. Beide lieferten sich einen packenden Kampf. Zwei volle Monate hatten die Youngster im ADAC Tourenwagen Junior Cup Zeit, ihre ... Read More
