{"version":"1.0","provider_name":"ADAC Tourenwagen Junior Cup","provider_url":"https:\/\/www.tourenwagenjuniorcup.de\/en\/","author_name":"Matthias Meyer","author_url":"https:\/\/www.tourenwagenjuniorcup.de\/en\/author\/matthias\/","title":"GRONECK GEWINNT SAISONFINALE MIT SPEKTAKUL\u00c4RER AUFHOLJAGD | ADAC Tourenwagen Junior Cup","type":"rich","width":600,"height":338,"html":"<blockquote class=\"wp-embedded-content\" data-secret=\"7Fjy3IMcec\"><a href=\"https:\/\/www.tourenwagenjuniorcup.de\/groneck-gewinnt-saisonfinale-mit-spektakulaerer-aufholjagd\/\">GRONECK GEWINNT SAISONFINALE MIT SPEKTAKUL\u00c4RER AUFHOLJAGD<\/a><\/blockquote><iframe sandbox=\"allow-scripts\" security=\"restricted\" src=\"https:\/\/www.tourenwagenjuniorcup.de\/groneck-gewinnt-saisonfinale-mit-spektakulaerer-aufholjagd\/embed\/#?secret=7Fjy3IMcec\" width=\"600\" height=\"338\" title=\"&#8220;GRONECK GEWINNT SAISONFINALE MIT SPEKTAKUL\u00c4RER AUFHOLJAGD&#8221; &#8212; ADAC Tourenwagen Junior Cup\" data-secret=\"7Fjy3IMcec\" frameborder=\"0\" marginwidth=\"0\" marginheight=\"0\" scrolling=\"no\" class=\"wp-embedded-content\"><\/iframe><script type=\"text\/javascript\">\n\/* <![CDATA[ *\/\n\/*! This file is auto-generated *\/\n!function(d,l){\"use strict\";l.querySelector&&d.addEventListener&&\"undefined\"!=typeof URL&&(d.wp=d.wp||{},d.wp.receiveEmbedMessage||(d.wp.receiveEmbedMessage=function(e){var t=e.data;if((t||t.secret||t.message||t.value)&&!\/[^a-zA-Z0-9]\/.test(t.secret)){for(var s,r,n,a=l.querySelectorAll('iframe[data-secret=\"'+t.secret+'\"]'),o=l.querySelectorAll('blockquote[data-secret=\"'+t.secret+'\"]'),c=new RegExp(\"^https?:$\",\"i\"),i=0;i<o.length;i++)o[i].style.display=\"none\";for(i=0;i<a.length;i++)s=a[i],e.source===s.contentWindow&&(s.removeAttribute(\"style\"),\"height\"===t.message?(1e3<(r=parseInt(t.value,10))?r=1e3:~~r<200&&(r=200),s.height=r):\"link\"===t.message&&(r=new URL(s.getAttribute(\"src\")),n=new URL(t.value),c.test(n.protocol))&&n.host===r.host&&l.activeElement===s&&(d.top.location.href=t.value))}},d.addEventListener(\"message\",d.wp.receiveEmbedMessage,!1),l.addEventListener(\"DOMContentLoaded\",function(){for(var e,t,s=l.querySelectorAll(\"iframe.wp-embedded-content\"),r=0;r<s.length;r++)(t=(e=s[r]).getAttribute(\"data-secret\"))||(t=Math.random().toString(36).substring(2,12),e.src+=\"#?secret=\"+t,e.setAttribute(\"data-secret\",t)),e.contentWindow.postMessage({message:\"ready\",secret:t},\"*\")},!1)))}(window,document);\n\/* ]]> *\/\n<\/script>\n","thumbnail_url":"https:\/\/www.tourenwagenjuniorcup.de\/wp-content\/uploads\/Groneck-gewinnt-Saisonfinale.jpg","thumbnail_width":1920,"thumbnail_height":1280,"description":"Den Start in den Sand gesetzt, am Ende trotzdem ganz oben auf dem Podium: Moritz Groneck (Up2race) fuhr im Sonntagsrennen auf dem N\u00fcrburgring-Grand-Prix-Kurs einen spektakul\u00e4ren Sieg heraus, bei dem er den neuen Meister und Vizemeister im direkten Duell bezwang. Es war eine der spektakul\u00e4rsten Aufholjagden, die der ADAC Tourenwagen Junior Cup bisher gesehen hat: Moritz Groneck fiel beim stehenden Start ... Read More"}

GRONECK GEWINNT SAISONFINALE MIT SPEKTAKULÄRER AUFHOLJAGD | ADAC Tourenwagen Junior Cup

<blockquote class="wp-embedded-content" data-secret="7Fjy3IMcec"><a href="https://www.tourenwagenjuniorcup.de/groneck-gewinnt-saisonfinale-mit-spektakulaerer-aufholjagd/">GRONECK GEWINNT SAISONFINALE MIT SPEKTAKULÄRER AUFHOLJAGD</a></blockquote><iframe sandbox="allow-scripts" security="restricted" src="https://www.tourenwagenjuniorcup.de/groneck-gewinnt-saisonfinale-mit-spektakulaerer-aufholjagd/embed/#?secret=7Fjy3IMcec" width="600" height="338" title="&#8220;GRONECK GEWINNT SAISONFINALE MIT SPEKTAKULÄRER AUFHOLJAGD&#8221; &#8212; ADAC Tourenwagen Junior Cup" data-secret="7Fjy3IMcec" frameborder="0" marginwidth="0" marginheight="0" scrolling="no" class="wp-embedded-content"></iframe><script type="text/javascript">
/* <![CDATA[ */
/*! This file is auto-generated */
!function(d,l){"use strict";l.querySelector&&d.addEventListener&&"undefined"!=typeof URL&&(d.wp=d.wp||{},d.wp.receiveEmbedMessage||(d.wp.receiveEmbedMessage=function(e){var t=e.data;if((t||t.secret||t.message||t.value)&&!/[^a-zA-Z0-9]/.test(t.secret)){for(var s,r,n,a=l.querySelectorAll('iframe[data-secret="'+t.secret+'"]'),o=l.querySelectorAll('blockquote[data-secret="'+t.secret+'"]'),c=new RegExp("^https?:$","i"),i=0;i<o.length;i++)o[i].style.display="none";for(i=0;i<a.length;i++)s=a[i],e.source===s.contentWindow&&(s.removeAttribute("style"),"height"===t.message?(1e3<(r=parseInt(t.value,10))?r=1e3:~~r<200&&(r=200),s.height=r):"link"===t.message&&(r=new URL(s.getAttribute("src")),n=new URL(t.value),c.test(n.protocol))&&n.host===r.host&&l.activeElement===s&&(d.top.location.href=t.value))}},d.addEventListener("message",d.wp.receiveEmbedMessage,!1),l.addEventListener("DOMContentLoaded",function(){for(var e,t,s=l.querySelectorAll("iframe.wp-embedded-content"),r=0;r<s.length;r++)(t=(e=s[r]).getAttribute("data-secret"))||(t=Math.random().toString(36).substring(2,12),e.src+="#?secret="+t,e.setAttribute("data-secret",t)),e.contentWindow.postMessage({message:"ready",secret:t},"*")},!1)))}(window,document);
/* ]]> */
</script>

Den Start in den Sand gesetzt, am Ende trotzdem ganz oben auf dem Podium: Moritz Groneck (Up2race) fuhr im Sonntagsrennen auf dem Nürburgring-Grand-Prix-Kurs einen spektakulären Sieg heraus, bei dem er den neuen Meister und Vizemeister im direkten Duell bezwang. Es war eine der spektakulärsten Aufholjagden, die der ADAC Tourenwagen Junior Cup bisher gesehen hat: Moritz Groneck fiel beim stehenden Start ... Read More
