{"version":"1.0","provider_name":"ADAC Tourenwagen Junior Cup","provider_url":"https:\/\/www.tourenwagenjuniorcup.de\/en\/","author_name":"Matthias Meyer","author_url":"https:\/\/www.tourenwagenjuniorcup.de\/en\/author\/matthias\/","title":"KONRAD AUCH IN ZWEITEM RENNEN AUF POLE | ADAC Tourenwagen Junior Cup","type":"rich","width":600,"height":338,"html":"<blockquote class=\"wp-embedded-content\" data-secret=\"TjFcqjsh4M\"><a href=\"https:\/\/www.tourenwagenjuniorcup.de\/konrad-holt-sich-ersten-sieg-tourenwagenjuniorcup-2\/\">KONRAD AUCH IN ZWEITEM RENNEN AUF POLE<\/a><\/blockquote><iframe sandbox=\"allow-scripts\" security=\"restricted\" src=\"https:\/\/www.tourenwagenjuniorcup.de\/konrad-holt-sich-ersten-sieg-tourenwagenjuniorcup-2\/embed\/#?secret=TjFcqjsh4M\" width=\"600\" height=\"338\" title=\"&#8220;KONRAD AUCH IN ZWEITEM RENNEN AUF POLE&#8221; &#8212; ADAC Tourenwagen Junior Cup\" data-secret=\"TjFcqjsh4M\" frameborder=\"0\" marginwidth=\"0\" marginheight=\"0\" scrolling=\"no\" class=\"wp-embedded-content\"><\/iframe><script type=\"text\/javascript\">\n\/* <![CDATA[ *\/\n\/*! This file is auto-generated *\/\n!function(d,l){\"use strict\";l.querySelector&&d.addEventListener&&\"undefined\"!=typeof URL&&(d.wp=d.wp||{},d.wp.receiveEmbedMessage||(d.wp.receiveEmbedMessage=function(e){var t=e.data;if((t||t.secret||t.message||t.value)&&!\/[^a-zA-Z0-9]\/.test(t.secret)){for(var s,r,n,a=l.querySelectorAll('iframe[data-secret=\"'+t.secret+'\"]'),o=l.querySelectorAll('blockquote[data-secret=\"'+t.secret+'\"]'),c=new RegExp(\"^https?:$\",\"i\"),i=0;i<o.length;i++)o[i].style.display=\"none\";for(i=0;i<a.length;i++)s=a[i],e.source===s.contentWindow&&(s.removeAttribute(\"style\"),\"height\"===t.message?(1e3<(r=parseInt(t.value,10))?r=1e3:~~r<200&&(r=200),s.height=r):\"link\"===t.message&&(r=new URL(s.getAttribute(\"src\")),n=new URL(t.value),c.test(n.protocol))&&n.host===r.host&&l.activeElement===s&&(d.top.location.href=t.value))}},d.addEventListener(\"message\",d.wp.receiveEmbedMessage,!1),l.addEventListener(\"DOMContentLoaded\",function(){for(var e,t,s=l.querySelectorAll(\"iframe.wp-embedded-content\"),r=0;r<s.length;r++)(t=(e=s[r]).getAttribute(\"data-secret\"))||(t=Math.random().toString(36).substring(2,12),e.src+=\"#?secret=\"+t,e.setAttribute(\"data-secret\",t)),e.contentWindow.postMessage({message:\"ready\",secret:t},\"*\")},!1)))}(window,document);\n\/* ]]> *\/\n<\/script>\n","thumbnail_url":"https:\/\/www.tourenwagenjuniorcup.de\/wp-content\/uploads\/DTM_MAO_TJC_25-04-2025-036.jpg","thumbnail_width":1920,"thumbnail_height":1280,"description":"Zweites Rennen, gleiche erste Startreihe: Julian Konrad (KONRAD-Motorsport) sichert sich auch im zweiten Qualifying des Wochenendes die Pole-Position in der Motorsportarena Oschersleben. Neben ihm wird erneut Mike M\u00fcller (TOPCAR sport) ins Rennen gehen. Der Sonntag begann f\u00fcr die Juniorinnen und Junioren des ADAC Tourenwagen Junior Cup 2025 bereits am sp\u00e4ten Samstagnachmittag: Im zweiten Qualifying wurden die Startpl\u00e4tze f\u00fcr das Sonntagsrennen ... Read More"}

Zweites Rennen, gleiche erste Startreihe: Julian Konrad (KONRAD-Motorsport) sichert sich auch im zweiten Qualifying des Wochenendes die Pole-Position in der Motorsportarena Oschersleben. Neben ihm wird erneut Mike Müller (TOPCAR sport) ins Rennen gehen. Der Sonntag begann für die Juniorinnen und Junioren des ADAC Tourenwagen Junior Cup 2025 bereits am späten Samstagnachmittag: Im zweiten Qualifying wurden die Startplätze für das Sonntagsrennen ... Read More
