{"version":"1.0","provider_name":"ADAC Tourenwagen Junior Cup","provider_url":"https:\/\/www.tourenwagenjuniorcup.de\/en\/","author_name":"Matthias Meyer","author_url":"https:\/\/www.tourenwagenjuniorcup.de\/en\/author\/matthias\/","title":"LETZTE POLE DER SAISON GEHT AN GRONECK | ADAC Tourenwagen Junior Cup","type":"rich","width":600,"height":338,"html":"<blockquote class=\"wp-embedded-content\" data-secret=\"TtKFJflNhN\"><a href=\"https:\/\/www.tourenwagenjuniorcup.de\/letzte-pole-der-saison-geht-an-groneck\/\">LETZTE POLE DER SAISON GEHT AN GRONECK<\/a><\/blockquote><iframe sandbox=\"allow-scripts\" security=\"restricted\" src=\"https:\/\/www.tourenwagenjuniorcup.de\/letzte-pole-der-saison-geht-an-groneck\/embed\/#?secret=TtKFJflNhN\" width=\"600\" height=\"338\" title=\"&#8220;LETZTE POLE DER SAISON GEHT AN GRONECK&#8221; &#8212; ADAC Tourenwagen Junior Cup\" data-secret=\"TtKFJflNhN\" frameborder=\"0\" marginwidth=\"0\" marginheight=\"0\" scrolling=\"no\" class=\"wp-embedded-content\"><\/iframe><script type=\"text\/javascript\">\n\/* <![CDATA[ *\/\n\/*! This file is auto-generated *\/\n!function(d,l){\"use strict\";l.querySelector&&d.addEventListener&&\"undefined\"!=typeof URL&&(d.wp=d.wp||{},d.wp.receiveEmbedMessage||(d.wp.receiveEmbedMessage=function(e){var t=e.data;if((t||t.secret||t.message||t.value)&&!\/[^a-zA-Z0-9]\/.test(t.secret)){for(var s,r,n,a=l.querySelectorAll('iframe[data-secret=\"'+t.secret+'\"]'),o=l.querySelectorAll('blockquote[data-secret=\"'+t.secret+'\"]'),c=new RegExp(\"^https?:$\",\"i\"),i=0;i<o.length;i++)o[i].style.display=\"none\";for(i=0;i<a.length;i++)s=a[i],e.source===s.contentWindow&&(s.removeAttribute(\"style\"),\"height\"===t.message?(1e3<(r=parseInt(t.value,10))?r=1e3:~~r<200&&(r=200),s.height=r):\"link\"===t.message&&(r=new URL(s.getAttribute(\"src\")),n=new URL(t.value),c.test(n.protocol))&&n.host===r.host&&l.activeElement===s&&(d.top.location.href=t.value))}},d.addEventListener(\"message\",d.wp.receiveEmbedMessage,!1),l.addEventListener(\"DOMContentLoaded\",function(){for(var e,t,s=l.querySelectorAll(\"iframe.wp-embedded-content\"),r=0;r<s.length;r++)(t=(e=s[r]).getAttribute(\"data-secret\"))||(t=Math.random().toString(36).substring(2,12),e.src+=\"#?secret=\"+t,e.setAttribute(\"data-secret\",t)),e.contentWindow.postMessage({message:\"ready\",secret:t},\"*\")},!1)))}(window,document);\n\/* ]]> *\/\n<\/script>\n","thumbnail_url":"https:\/\/www.tourenwagenjuniorcup.de\/wp-content\/uploads\/Groneck-auf-Pole-768x512.jpg","thumbnail_width":600,"thumbnail_height":400,"description":"Moritz Groneck (Up2race) bezwingt den neuen Meister Julian Konrad (KONRAD-Motorsport) im Tausendstelduell bei fr\u00fchwinterlichen Temperaturen auf dem N\u00fcrburgring im letzten Qualifying der Saison und startet damit von der Pole-Position ins Finale. Knapper h\u00e4tte es kaum gehen k\u00f6nnen: 0,002 Sekunden entschieden \u00fcber die Pole-Position f\u00fcr das zw\u00f6lfte und letzte Rennen im ADAC Tourenwagen Junior Cup 2025. Moritz Groneck schlug in den ... Read More"}

Moritz Groneck (Up2race) bezwingt den neuen Meister Julian Konrad (KONRAD-Motorsport) im Tausendstelduell bei frühwinterlichen Temperaturen auf dem Nürburgring im letzten Qualifying der Saison und startet damit von der Pole-Position ins Finale. Knapper hätte es kaum gehen können: 0,002 Sekunden entschieden über die Pole-Position für das zwölfte und letzte Rennen im ADAC Tourenwagen Junior Cup 2025. Moritz Groneck schlug in den ... Read More
