{"version":"1.0","provider_name":"ADAC Tourenwagen Junior Cup","provider_url":"https:\/\/www.tourenwagenjuniorcup.de\/en\/","author_name":"Matthias Meyer","author_url":"https:\/\/www.tourenwagenjuniorcup.de\/en\/author\/matthias\/","title":"MORITZ GRONECK: MIT 14 JAHREN GLEICH IM FAVORITENKREIS | ADAC Tourenwagen Junior Cup","type":"rich","width":600,"height":338,"html":"<blockquote class=\"wp-embedded-content\" data-secret=\"d6okd5b7RU\"><a href=\"https:\/\/www.tourenwagenjuniorcup.de\/moritz-groneck-mit-14-jahren-gleich-im-favoritenkreis\/\">MORITZ GRONECK: MIT 14 JAHREN GLEICH IM FAVORITENKREIS<\/a><\/blockquote><iframe sandbox=\"allow-scripts\" security=\"restricted\" src=\"https:\/\/www.tourenwagenjuniorcup.de\/moritz-groneck-mit-14-jahren-gleich-im-favoritenkreis\/embed\/#?secret=d6okd5b7RU\" width=\"600\" height=\"338\" title=\"&#8220;MORITZ GRONECK: MIT 14 JAHREN GLEICH IM FAVORITENKREIS&#8221; &#8212; ADAC Tourenwagen Junior Cup\" data-secret=\"d6okd5b7RU\" frameborder=\"0\" marginwidth=\"0\" marginheight=\"0\" scrolling=\"no\" class=\"wp-embedded-content\"><\/iframe><script type=\"text\/javascript\">\n\/* <![CDATA[ *\/\n\/*! This file is auto-generated *\/\n!function(d,l){\"use strict\";l.querySelector&&d.addEventListener&&\"undefined\"!=typeof URL&&(d.wp=d.wp||{},d.wp.receiveEmbedMessage||(d.wp.receiveEmbedMessage=function(e){var t=e.data;if((t||t.secret||t.message||t.value)&&!\/[^a-zA-Z0-9]\/.test(t.secret)){for(var s,r,n,a=l.querySelectorAll('iframe[data-secret=\"'+t.secret+'\"]'),o=l.querySelectorAll('blockquote[data-secret=\"'+t.secret+'\"]'),c=new RegExp(\"^https?:$\",\"i\"),i=0;i<o.length;i++)o[i].style.display=\"none\";for(i=0;i<a.length;i++)s=a[i],e.source===s.contentWindow&&(s.removeAttribute(\"style\"),\"height\"===t.message?(1e3<(r=parseInt(t.value,10))?r=1e3:~~r<200&&(r=200),s.height=r):\"link\"===t.message&&(r=new URL(s.getAttribute(\"src\")),n=new URL(t.value),c.test(n.protocol))&&n.host===r.host&&l.activeElement===s&&(d.top.location.href=t.value))}},d.addEventListener(\"message\",d.wp.receiveEmbedMessage,!1),l.addEventListener(\"DOMContentLoaded\",function(){for(var e,t,s=l.querySelectorAll(\"iframe.wp-embedded-content\"),r=0;r<s.length;r++)(t=(e=s[r]).getAttribute(\"data-secret\"))||(t=Math.random().toString(36).substring(2,12),e.src+=\"#?secret=\"+t,e.setAttribute(\"data-secret\",t)),e.contentWindow.postMessage({message:\"ready\",secret:t},\"*\")},!1)))}(window,document);\n\/* ]]> *\/\n<\/script>\n","thumbnail_url":"https:\/\/www.tourenwagenjuniorcup.de\/wp-content\/uploads\/Moritz_Groneck_Announcement.jpg","thumbnail_width":1800,"thumbnail_height":1200,"description":"Vom Talent her k\u00f6nnte Moritz Groneck im Kartsport nach den ganz gro\u00dfen Troph\u00e4en greifen. Doch bereits mit 14 Jahren wagt der Sohn des zweifachen VLN-Meisters Tim Groneck den Wechsel in den Automobilsport. Als voraussichtlich j\u00fcngster Fahrer geht er 2025 im ADAC Tourenwagen Junior Cup an den Start \u2013 und geh\u00f6rt direkt zu den Titelkandidaten. Was Erfolg bedeutet, lernte Moritz Groneck ... Read More"}

Vom Talent her könnte Moritz Groneck im Kartsport nach den ganz großen Trophäen greifen. Doch bereits mit 14 Jahren wagt der Sohn des zweifachen VLN-Meisters Tim Groneck den Wechsel in den Automobilsport. Als voraussichtlich jüngster Fahrer geht er 2025 im ADAC Tourenwagen Junior Cup an den Start – und gehört direkt zu den Titelkandidaten. Was Erfolg bedeutet, lernte Moritz Groneck ... Read More
