{"version":"1.0","provider_name":"ADAC Tourenwagen Junior Cup","provider_url":"https:\/\/www.tourenwagenjuniorcup.de\/en\/","author_name":"Matthias Meyer","author_url":"https:\/\/www.tourenwagenjuniorcup.de\/en\/author\/matthias\/","title":"PLUSCHKELL SCHL\u00c4GT ZUR\u00dcCK: POLE F\u00dcR RENNEN 1 AM N\u00dcRBURGRING | ADAC Tourenwagen Junior Cup","type":"rich","width":600,"height":338,"html":"<blockquote class=\"wp-embedded-content\" data-secret=\"yZb0yyUGeO\"><a href=\"https:\/\/www.tourenwagenjuniorcup.de\/pluschkell-schlaegt-zurueck\/\">PLUSCHKELL SCHL\u00c4GT ZUR\u00dcCK: POLE F\u00dcR RENNEN 1 AM N\u00dcRBURGRING<\/a><\/blockquote><iframe sandbox=\"allow-scripts\" security=\"restricted\" src=\"https:\/\/www.tourenwagenjuniorcup.de\/pluschkell-schlaegt-zurueck\/embed\/#?secret=yZb0yyUGeO\" width=\"600\" height=\"338\" title=\"&#8220;PLUSCHKELL SCHL\u00c4GT ZUR\u00dcCK: POLE F\u00dcR RENNEN 1 AM N\u00dcRBURGRING&#8221; &#8212; ADAC Tourenwagen Junior Cup\" data-secret=\"yZb0yyUGeO\" frameborder=\"0\" marginwidth=\"0\" marginheight=\"0\" scrolling=\"no\" class=\"wp-embedded-content\"><\/iframe><script type=\"text\/javascript\">\n\/* <![CDATA[ *\/\n\/*! This file is auto-generated *\/\n!function(d,l){\"use strict\";l.querySelector&&d.addEventListener&&\"undefined\"!=typeof URL&&(d.wp=d.wp||{},d.wp.receiveEmbedMessage||(d.wp.receiveEmbedMessage=function(e){var t=e.data;if((t||t.secret||t.message||t.value)&&!\/[^a-zA-Z0-9]\/.test(t.secret)){for(var s,r,n,a=l.querySelectorAll('iframe[data-secret=\"'+t.secret+'\"]'),o=l.querySelectorAll('blockquote[data-secret=\"'+t.secret+'\"]'),c=new RegExp(\"^https?:$\",\"i\"),i=0;i<o.length;i++)o[i].style.display=\"none\";for(i=0;i<a.length;i++)s=a[i],e.source===s.contentWindow&&(s.removeAttribute(\"style\"),\"height\"===t.message?(1e3<(r=parseInt(t.value,10))?r=1e3:~~r<200&&(r=200),s.height=r):\"link\"===t.message&&(r=new URL(s.getAttribute(\"src\")),n=new URL(t.value),c.test(n.protocol))&&n.host===r.host&&l.activeElement===s&&(d.top.location.href=t.value))}},d.addEventListener(\"message\",d.wp.receiveEmbedMessage,!1),l.addEventListener(\"DOMContentLoaded\",function(){for(var e,t,s=l.querySelectorAll(\"iframe.wp-embedded-content\"),r=0;r<s.length;r++)(t=(e=s[r]).getAttribute(\"data-secret\"))||(t=Math.random().toString(36).substring(2,12),e.src+=\"#?secret=\"+t,e.setAttribute(\"data-secret\",t)),e.contentWindow.postMessage({message:\"ready\",secret:t},\"*\")},!1)))}(window,document);\n\/* ]]> *\/\n<\/script>\n","thumbnail_url":"https:\/\/www.tourenwagenjuniorcup.de\/wp-content\/uploads\/ADAC_Raceweekend_Nuerburgring_TJC_30-06-2023-090.jpg","thumbnail_width":1920,"thumbnail_height":1280,"description":"Mattis Pluschkell (Georg Motorsport) ist der f\u00fcnfte Polesetter im f\u00fcnften Rennen des ADAC Tourenwagen Junior Cup 2023! Der Hockenheim-Sieger fuhr schon fr\u00fch eine Rundenzeit, die niemand mehr unterbieten konnte. Auch im f\u00fcnften Rennen des ADAC Tourenwagen Junior Cup 2023 gibt es einen neuen Polesetter, doch der Name ist bekannt: Mattis Pluschkell, der Sieger des zweiten Rennens beim Auftakt in Hockenheim, ... Read More"}

PLUSCHKELL SCHLÄGT ZURÜCK: POLE FÜR RENNEN 1 AM NÜRBURGRING | ADAC Tourenwagen Junior Cup

<blockquote class="wp-embedded-content" data-secret="yZb0yyUGeO"><a href="https://www.tourenwagenjuniorcup.de/pluschkell-schlaegt-zurueck/">PLUSCHKELL SCHLÄGT ZURÜCK: POLE FÜR RENNEN 1 AM NÜRBURGRING</a></blockquote><iframe sandbox="allow-scripts" security="restricted" src="https://www.tourenwagenjuniorcup.de/pluschkell-schlaegt-zurueck/embed/#?secret=yZb0yyUGeO" width="600" height="338" title="&#8220;PLUSCHKELL SCHLÄGT ZURÜCK: POLE FÜR RENNEN 1 AM NÜRBURGRING&#8221; &#8212; ADAC Tourenwagen Junior Cup" data-secret="yZb0yyUGeO" frameborder="0" marginwidth="0" marginheight="0" scrolling="no" class="wp-embedded-content"></iframe><script type="text/javascript">
/* <![CDATA[ */
/*! This file is auto-generated */
!function(d,l){"use strict";l.querySelector&&d.addEventListener&&"undefined"!=typeof URL&&(d.wp=d.wp||{},d.wp.receiveEmbedMessage||(d.wp.receiveEmbedMessage=function(e){var t=e.data;if((t||t.secret||t.message||t.value)&&!/[^a-zA-Z0-9]/.test(t.secret)){for(var s,r,n,a=l.querySelectorAll('iframe[data-secret="'+t.secret+'"]'),o=l.querySelectorAll('blockquote[data-secret="'+t.secret+'"]'),c=new RegExp("^https?:$","i"),i=0;i<o.length;i++)o[i].style.display="none";for(i=0;i<a.length;i++)s=a[i],e.source===s.contentWindow&&(s.removeAttribute("style"),"height"===t.message?(1e3<(r=parseInt(t.value,10))?r=1e3:~~r<200&&(r=200),s.height=r):"link"===t.message&&(r=new URL(s.getAttribute("src")),n=new URL(t.value),c.test(n.protocol))&&n.host===r.host&&l.activeElement===s&&(d.top.location.href=t.value))}},d.addEventListener("message",d.wp.receiveEmbedMessage,!1),l.addEventListener("DOMContentLoaded",function(){for(var e,t,s=l.querySelectorAll("iframe.wp-embedded-content"),r=0;r<s.length;r++)(t=(e=s[r]).getAttribute("data-secret"))||(t=Math.random().toString(36).substring(2,12),e.src+="#?secret="+t,e.setAttribute("data-secret",t)),e.contentWindow.postMessage({message:"ready",secret:t},"*")},!1)))}(window,document);
/* ]]> */
</script>

Mattis Pluschkell (Georg Motorsport) ist der fünfte Polesetter im fünften Rennen des ADAC Tourenwagen Junior Cup 2023! Der Hockenheim-Sieger fuhr schon früh eine Rundenzeit, die niemand mehr unterbieten konnte. Auch im fünften Rennen des ADAC Tourenwagen Junior Cup 2023 gibt es einen neuen Polesetter, doch der Name ist bekannt: Mattis Pluschkell, der Sieger des zweiten Rennens beim Auftakt in Hockenheim, ... Read More
