{"version":"1.0","provider_name":"ADAC Tourenwagen Junior Cup","provider_url":"https:\/\/www.tourenwagenjuniorcup.de\/en\/","author_name":"Matthias Meyer","author_url":"https:\/\/www.tourenwagenjuniorcup.de\/en\/author\/matthias\/","title":"R\u00d6LLEKE AUF POLE, OLSEN UND VIETZE KNAPP DAHINTER | ADAC Tourenwagen Junior Cup","type":"rich","width":600,"height":338,"html":"<blockquote class=\"wp-embedded-content\" data-secret=\"tvtpFav0US\"><a href=\"https:\/\/www.tourenwagenjuniorcup.de\/roelleke-auf-pole-olsen-und-vietze-knapp-dahinter\/\">R\u00d6LLEKE AUF POLE, OLSEN UND VIETZE KNAPP DAHINTER<\/a><\/blockquote><iframe sandbox=\"allow-scripts\" security=\"restricted\" src=\"https:\/\/www.tourenwagenjuniorcup.de\/roelleke-auf-pole-olsen-und-vietze-knapp-dahinter\/embed\/#?secret=tvtpFav0US\" width=\"600\" height=\"338\" title=\"&#8220;R\u00d6LLEKE AUF POLE, OLSEN UND VIETZE KNAPP DAHINTER&#8221; &#8212; ADAC Tourenwagen Junior Cup\" data-secret=\"tvtpFav0US\" frameborder=\"0\" marginwidth=\"0\" marginheight=\"0\" scrolling=\"no\" class=\"wp-embedded-content\"><\/iframe><script type=\"text\/javascript\">\n\/* <![CDATA[ *\/\n\/*! This file is auto-generated *\/\n!function(d,l){\"use strict\";l.querySelector&&d.addEventListener&&\"undefined\"!=typeof URL&&(d.wp=d.wp||{},d.wp.receiveEmbedMessage||(d.wp.receiveEmbedMessage=function(e){var t=e.data;if((t||t.secret||t.message||t.value)&&!\/[^a-zA-Z0-9]\/.test(t.secret)){for(var s,r,n,a=l.querySelectorAll('iframe[data-secret=\"'+t.secret+'\"]'),o=l.querySelectorAll('blockquote[data-secret=\"'+t.secret+'\"]'),c=new RegExp(\"^https?:$\",\"i\"),i=0;i<o.length;i++)o[i].style.display=\"none\";for(i=0;i<a.length;i++)s=a[i],e.source===s.contentWindow&&(s.removeAttribute(\"style\"),\"height\"===t.message?(1e3<(r=parseInt(t.value,10))?r=1e3:~~r<200&&(r=200),s.height=r):\"link\"===t.message&&(r=new URL(s.getAttribute(\"src\")),n=new URL(t.value),c.test(n.protocol))&&n.host===r.host&&l.activeElement===s&&(d.top.location.href=t.value))}},d.addEventListener(\"message\",d.wp.receiveEmbedMessage,!1),l.addEventListener(\"DOMContentLoaded\",function(){for(var e,t,s=l.querySelectorAll(\"iframe.wp-embedded-content\"),r=0;r<s.length;r++)(t=(e=s[r]).getAttribute(\"data-secret\"))||(t=Math.random().toString(36).substring(2,12),e.src+=\"#?secret=\"+t,e.setAttribute(\"data-secret\",t)),e.contentWindow.postMessage({message:\"ready\",secret:t},\"*\")},!1)))}(window,document);\n\/* ]]> *\/\n<\/script>\n","thumbnail_url":"https:\/\/www.tourenwagenjuniorcup.de\/wp-content\/uploads\/IMG_0388.jpg","thumbnail_width":1920,"thumbnail_height":1229,"description":"Tim R\u00f6lleke hat sich f\u00fcr das zweite Rennen des Tourenwagen Junior Cup am N\u00fcrburgring die Pole Position und den dazu geh\u00f6renden Extrapunkt f\u00fcr die Meisterschaft gesichert. Das erste Mal aus Startreihe 1 geht der D\u00e4ne Elias Olsen in ein Rennen der Nachwuchsserie. Florian Vietze und Daniel Gregor starten aus der zweiten Reihe. \u2028\u2028 Die VW up! GTI Cup des Tourenwagen ... Read More"}

RÖLLEKE AUF POLE, OLSEN UND VIETZE KNAPP DAHINTER | ADAC Tourenwagen Junior Cup

<blockquote class="wp-embedded-content" data-secret="tvtpFav0US"><a href="https://www.tourenwagenjuniorcup.de/roelleke-auf-pole-olsen-und-vietze-knapp-dahinter/">RÖLLEKE AUF POLE, OLSEN UND VIETZE KNAPP DAHINTER</a></blockquote><iframe sandbox="allow-scripts" security="restricted" src="https://www.tourenwagenjuniorcup.de/roelleke-auf-pole-olsen-und-vietze-knapp-dahinter/embed/#?secret=tvtpFav0US" width="600" height="338" title="&#8220;RÖLLEKE AUF POLE, OLSEN UND VIETZE KNAPP DAHINTER&#8221; &#8212; ADAC Tourenwagen Junior Cup" data-secret="tvtpFav0US" frameborder="0" marginwidth="0" marginheight="0" scrolling="no" class="wp-embedded-content"></iframe><script type="text/javascript">
/* <![CDATA[ */
/*! This file is auto-generated */
!function(d,l){"use strict";l.querySelector&&d.addEventListener&&"undefined"!=typeof URL&&(d.wp=d.wp||{},d.wp.receiveEmbedMessage||(d.wp.receiveEmbedMessage=function(e){var t=e.data;if((t||t.secret||t.message||t.value)&&!/[^a-zA-Z0-9]/.test(t.secret)){for(var s,r,n,a=l.querySelectorAll('iframe[data-secret="'+t.secret+'"]'),o=l.querySelectorAll('blockquote[data-secret="'+t.secret+'"]'),c=new RegExp("^https?:$","i"),i=0;i<o.length;i++)o[i].style.display="none";for(i=0;i<a.length;i++)s=a[i],e.source===s.contentWindow&&(s.removeAttribute("style"),"height"===t.message?(1e3<(r=parseInt(t.value,10))?r=1e3:~~r<200&&(r=200),s.height=r):"link"===t.message&&(r=new URL(s.getAttribute("src")),n=new URL(t.value),c.test(n.protocol))&&n.host===r.host&&l.activeElement===s&&(d.top.location.href=t.value))}},d.addEventListener("message",d.wp.receiveEmbedMessage,!1),l.addEventListener("DOMContentLoaded",function(){for(var e,t,s=l.querySelectorAll("iframe.wp-embedded-content"),r=0;r<s.length;r++)(t=(e=s[r]).getAttribute("data-secret"))||(t=Math.random().toString(36).substring(2,12),e.src+="#?secret="+t,e.setAttribute("data-secret",t)),e.contentWindow.postMessage({message:"ready",secret:t},"*")},!1)))}(window,document);
/* ]]> */
</script>

Tim Rölleke hat sich für das zweite Rennen des Tourenwagen Junior Cup am Nürburgring die Pole Position und den dazu gehörenden Extrapunkt für die Meisterschaft gesichert. Das erste Mal aus Startreihe 1 geht der Däne Elias Olsen in ein Rennen der Nachwuchsserie. Florian Vietze und Daniel Gregor starten aus der zweiten Reihe.    Die VW up! GTI Cup des Tourenwagen ... Read More
