{"version":"1.0","provider_name":"ADAC Tourenwagen Junior Cup","provider_url":"https:\/\/www.tourenwagenjuniorcup.de\/en\/","author_name":"Matthias Meyer","author_url":"https:\/\/www.tourenwagenjuniorcup.de\/en\/author\/matthias\/","title":"STARTSCHUSS F\u00dcR DIE SAISON 2025 VOR GANZ GROSSER KULISSE | ADAC Tourenwagen Junior Cup","type":"rich","width":600,"height":338,"html":"<blockquote class=\"wp-embedded-content\" data-secret=\"qy9V1megXu\"><a href=\"https:\/\/www.tourenwagenjuniorcup.de\/startschuss-fuer-die-saison-2025\/\">STARTSCHUSS F\u00dcR DIE SAISON 2025 VOR GANZ GROSSER KULISSE<\/a><\/blockquote><iframe sandbox=\"allow-scripts\" security=\"restricted\" src=\"https:\/\/www.tourenwagenjuniorcup.de\/startschuss-fuer-die-saison-2025\/embed\/#?secret=qy9V1megXu\" width=\"600\" height=\"338\" title=\"&#8220;STARTSCHUSS F\u00dcR DIE SAISON 2025 VOR GANZ GROSSER KULISSE&#8221; &#8212; ADAC Tourenwagen Junior Cup\" data-secret=\"qy9V1megXu\" frameborder=\"0\" marginwidth=\"0\" marginheight=\"0\" scrolling=\"no\" class=\"wp-embedded-content\"><\/iframe><script type=\"text\/javascript\">\n\/* <![CDATA[ *\/\n\/*! This file is auto-generated *\/\n!function(d,l){\"use strict\";l.querySelector&&d.addEventListener&&\"undefined\"!=typeof URL&&(d.wp=d.wp||{},d.wp.receiveEmbedMessage||(d.wp.receiveEmbedMessage=function(e){var t=e.data;if((t||t.secret||t.message||t.value)&&!\/[^a-zA-Z0-9]\/.test(t.secret)){for(var s,r,n,a=l.querySelectorAll('iframe[data-secret=\"'+t.secret+'\"]'),o=l.querySelectorAll('blockquote[data-secret=\"'+t.secret+'\"]'),c=new RegExp(\"^https?:$\",\"i\"),i=0;i<o.length;i++)o[i].style.display=\"none\";for(i=0;i<a.length;i++)s=a[i],e.source===s.contentWindow&&(s.removeAttribute(\"style\"),\"height\"===t.message?(1e3<(r=parseInt(t.value,10))?r=1e3:~~r<200&&(r=200),s.height=r):\"link\"===t.message&&(r=new URL(s.getAttribute(\"src\")),n=new URL(t.value),c.test(n.protocol))&&n.host===r.host&&l.activeElement===s&&(d.top.location.href=t.value))}},d.addEventListener(\"message\",d.wp.receiveEmbedMessage,!1),l.addEventListener(\"DOMContentLoaded\",function(){for(var e,t,s=l.querySelectorAll(\"iframe.wp-embedded-content\"),r=0;r<s.length;r++)(t=(e=s[r]).getAttribute(\"data-secret\"))||(t=Math.random().toString(36).substring(2,12),e.src+=\"#?secret=\"+t,e.setAttribute(\"data-secret\",t)),e.contentWindow.postMessage({message:\"ready\",secret:t},\"*\")},!1)))}(window,document);\n\/* ]]> *\/\n<\/script>\n","thumbnail_url":"https:\/\/www.tourenwagenjuniorcup.de\/wp-content\/uploads\/TCJ-2025-Teaser.jpg","thumbnail_width":1920,"thumbnail_height":1280,"description":"Der ADAC Tourenwagen Junior Cup startet in seine f\u00fcnfte Saison \u2013 und das erstmals im Rahmen der DTM. Auf der gro\u00dfen B\u00fchne der popul\u00e4rsten deutschen Rennserie wartet in Oschersleben eine erste Standortbestimmung auf die Nachwuchspiloten, die mit ihren eFuel-betriebenen VW up! GTI f\u00fcr Action sorgen werden. Mit gro\u00dfer Vorfreude reist der ADAC Tourenwagen Junior Cup zum Auftaktwochenende 2025 in die ... Read More"}

STARTSCHUSS FÜR DIE SAISON 2025 VOR GANZ GROSSER KULISSE | ADAC Tourenwagen Junior Cup

<blockquote class="wp-embedded-content" data-secret="qy9V1megXu"><a href="https://www.tourenwagenjuniorcup.de/startschuss-fuer-die-saison-2025/">STARTSCHUSS FÜR DIE SAISON 2025 VOR GANZ GROSSER KULISSE</a></blockquote><iframe sandbox="allow-scripts" security="restricted" src="https://www.tourenwagenjuniorcup.de/startschuss-fuer-die-saison-2025/embed/#?secret=qy9V1megXu" width="600" height="338" title="&#8220;STARTSCHUSS FÜR DIE SAISON 2025 VOR GANZ GROSSER KULISSE&#8221; &#8212; ADAC Tourenwagen Junior Cup" data-secret="qy9V1megXu" frameborder="0" marginwidth="0" marginheight="0" scrolling="no" class="wp-embedded-content"></iframe><script type="text/javascript">
/* <![CDATA[ */
/*! This file is auto-generated */
!function(d,l){"use strict";l.querySelector&&d.addEventListener&&"undefined"!=typeof URL&&(d.wp=d.wp||{},d.wp.receiveEmbedMessage||(d.wp.receiveEmbedMessage=function(e){var t=e.data;if((t||t.secret||t.message||t.value)&&!/[^a-zA-Z0-9]/.test(t.secret)){for(var s,r,n,a=l.querySelectorAll('iframe[data-secret="'+t.secret+'"]'),o=l.querySelectorAll('blockquote[data-secret="'+t.secret+'"]'),c=new RegExp("^https?:$","i"),i=0;i<o.length;i++)o[i].style.display="none";for(i=0;i<a.length;i++)s=a[i],e.source===s.contentWindow&&(s.removeAttribute("style"),"height"===t.message?(1e3<(r=parseInt(t.value,10))?r=1e3:~~r<200&&(r=200),s.height=r):"link"===t.message&&(r=new URL(s.getAttribute("src")),n=new URL(t.value),c.test(n.protocol))&&n.host===r.host&&l.activeElement===s&&(d.top.location.href=t.value))}},d.addEventListener("message",d.wp.receiveEmbedMessage,!1),l.addEventListener("DOMContentLoaded",function(){for(var e,t,s=l.querySelectorAll("iframe.wp-embedded-content"),r=0;r<s.length;r++)(t=(e=s[r]).getAttribute("data-secret"))||(t=Math.random().toString(36).substring(2,12),e.src+="#?secret="+t,e.setAttribute("data-secret",t)),e.contentWindow.postMessage({message:"ready",secret:t},"*")},!1)))}(window,document);
/* ]]> */
</script>

Der ADAC Tourenwagen Junior Cup startet in seine fünfte Saison – und das erstmals im Rahmen der DTM. Auf der großen Bühne der populärsten deutschen Rennserie wartet in Oschersleben eine erste Standortbestimmung auf die Nachwuchspiloten, die mit ihren eFuel-betriebenen VW up! GTI für Action sorgen werden. Mit großer Vorfreude reist der ADAC Tourenwagen Junior Cup zum Auftaktwochenende 2025 in die ... Read More
