{"version":"1.0","provider_name":"ADAC Tourenwagen Junior Cup","provider_url":"https:\/\/www.tourenwagenjuniorcup.de\/en\/","author_name":"Matthias Meyer","author_url":"https:\/\/www.tourenwagenjuniorcup.de\/en\/author\/matthias\/","title":"TIM R\u00d6LLEKE IM REGEN-QUALIFYING VORN | ADAC Tourenwagen Junior Cup","type":"rich","width":600,"height":338,"html":"<blockquote class=\"wp-embedded-content\" data-secret=\"V34D7TS7d1\"><a href=\"https:\/\/www.tourenwagenjuniorcup.de\/tim-roelleke-im-regen-qualifying-vorn\/\">TIM R\u00d6LLEKE IM REGEN-QUALIFYING VORN<\/a><\/blockquote><iframe sandbox=\"allow-scripts\" security=\"restricted\" src=\"https:\/\/www.tourenwagenjuniorcup.de\/tim-roelleke-im-regen-qualifying-vorn\/embed\/#?secret=V34D7TS7d1\" width=\"600\" height=\"338\" title=\"&#8220;TIM R\u00d6LLEKE IM REGEN-QUALIFYING VORN&#8221; &#8212; ADAC Tourenwagen Junior Cup\" data-secret=\"V34D7TS7d1\" frameborder=\"0\" marginwidth=\"0\" marginheight=\"0\" scrolling=\"no\" class=\"wp-embedded-content\"><\/iframe><script type=\"text\/javascript\">\n\/* <![CDATA[ *\/\n\/*! This file is auto-generated *\/\n!function(d,l){\"use strict\";l.querySelector&&d.addEventListener&&\"undefined\"!=typeof URL&&(d.wp=d.wp||{},d.wp.receiveEmbedMessage||(d.wp.receiveEmbedMessage=function(e){var t=e.data;if((t||t.secret||t.message||t.value)&&!\/[^a-zA-Z0-9]\/.test(t.secret)){for(var s,r,n,a=l.querySelectorAll('iframe[data-secret=\"'+t.secret+'\"]'),o=l.querySelectorAll('blockquote[data-secret=\"'+t.secret+'\"]'),c=new RegExp(\"^https?:$\",\"i\"),i=0;i<o.length;i++)o[i].style.display=\"none\";for(i=0;i<a.length;i++)s=a[i],e.source===s.contentWindow&&(s.removeAttribute(\"style\"),\"height\"===t.message?(1e3<(r=parseInt(t.value,10))?r=1e3:~~r<200&&(r=200),s.height=r):\"link\"===t.message&&(r=new URL(s.getAttribute(\"src\")),n=new URL(t.value),c.test(n.protocol))&&n.host===r.host&&l.activeElement===s&&(d.top.location.href=t.value))}},d.addEventListener(\"message\",d.wp.receiveEmbedMessage,!1),l.addEventListener(\"DOMContentLoaded\",function(){for(var e,t,s=l.querySelectorAll(\"iframe.wp-embedded-content\"),r=0;r<s.length;r++)(t=(e=s[r]).getAttribute(\"data-secret\"))||(t=Math.random().toString(36).substring(2,12),e.src+=\"#?secret=\"+t,e.setAttribute(\"data-secret\",t)),e.contentWindow.postMessage({message:\"ready\",secret:t},\"*\")},!1)))}(window,document);\n\/* ]]> *\/\n<\/script>\n","thumbnail_url":"https:\/\/www.tourenwagenjuniorcup.de\/wp-content\/uploads\/Assen_Roelleke_Qualifying_2-scaled.jpg","thumbnail_width":1920,"thumbnail_height":1280,"description":"Die erste Session auf nasser Strecke entschied am Sonntagvormittag der L\u00fcdinghauser Tim R\u00f6lleke f\u00fcr sich. Mit seiner schnellsten Runde sicherte er sich die Pole Position f\u00fcr das zweite Rennen und einen Zusatzpunkt f\u00fcr die Meisterschaft. \u2028\u2028 Tim R\u00f6lleke freute sich bereits als er in das Auto stieg: Bei Regen war er schon im Kart schnell und war gespannt, ob ihm ... Read More"}

TIM RÖLLEKE IM REGEN-QUALIFYING VORN | ADAC Tourenwagen Junior Cup

<blockquote class="wp-embedded-content" data-secret="V34D7TS7d1"><a href="https://www.tourenwagenjuniorcup.de/tim-roelleke-im-regen-qualifying-vorn/">TIM RÖLLEKE IM REGEN-QUALIFYING VORN</a></blockquote><iframe sandbox="allow-scripts" security="restricted" src="https://www.tourenwagenjuniorcup.de/tim-roelleke-im-regen-qualifying-vorn/embed/#?secret=V34D7TS7d1" width="600" height="338" title="&#8220;TIM RÖLLEKE IM REGEN-QUALIFYING VORN&#8221; &#8212; ADAC Tourenwagen Junior Cup" data-secret="V34D7TS7d1" frameborder="0" marginwidth="0" marginheight="0" scrolling="no" class="wp-embedded-content"></iframe><script type="text/javascript">
/* <![CDATA[ */
/*! This file is auto-generated */
!function(d,l){"use strict";l.querySelector&&d.addEventListener&&"undefined"!=typeof URL&&(d.wp=d.wp||{},d.wp.receiveEmbedMessage||(d.wp.receiveEmbedMessage=function(e){var t=e.data;if((t||t.secret||t.message||t.value)&&!/[^a-zA-Z0-9]/.test(t.secret)){for(var s,r,n,a=l.querySelectorAll('iframe[data-secret="'+t.secret+'"]'),o=l.querySelectorAll('blockquote[data-secret="'+t.secret+'"]'),c=new RegExp("^https?:$","i"),i=0;i<o.length;i++)o[i].style.display="none";for(i=0;i<a.length;i++)s=a[i],e.source===s.contentWindow&&(s.removeAttribute("style"),"height"===t.message?(1e3<(r=parseInt(t.value,10))?r=1e3:~~r<200&&(r=200),s.height=r):"link"===t.message&&(r=new URL(s.getAttribute("src")),n=new URL(t.value),c.test(n.protocol))&&n.host===r.host&&l.activeElement===s&&(d.top.location.href=t.value))}},d.addEventListener("message",d.wp.receiveEmbedMessage,!1),l.addEventListener("DOMContentLoaded",function(){for(var e,t,s=l.querySelectorAll("iframe.wp-embedded-content"),r=0;r<s.length;r++)(t=(e=s[r]).getAttribute("data-secret"))||(t=Math.random().toString(36).substring(2,12),e.src+="#?secret="+t,e.setAttribute("data-secret",t)),e.contentWindow.postMessage({message:"ready",secret:t},"*")},!1)))}(window,document);
/* ]]> */
</script>

Die erste Session auf nasser Strecke entschied am Sonntagvormittag der Lüdinghauser Tim Rölleke für sich. Mit seiner schnellsten Runde sicherte er sich die Pole Position für das zweite Rennen und einen Zusatzpunkt für die Meisterschaft.    Tim Rölleke freute sich bereits als er in das Auto stieg: Bei Regen war er schon im Kart schnell und war gespannt, ob ihm ... Read More
