{"version":"1.0","provider_name":"ADAC Tourenwagen Junior Cup","provider_url":"https:\/\/www.tourenwagenjuniorcup.de\/en\/","author_name":"Matthias Meyer","author_url":"https:\/\/www.tourenwagenjuniorcup.de\/en\/author\/matthias\/","title":"ZAHLEN UND FAKTEN ZUM WOCHENENDE AUF DEM HOCKENHEIMRING | ADAC Tourenwagen Junior Cup","type":"rich","width":600,"height":338,"html":"<blockquote class=\"wp-embedded-content\" data-secret=\"qHs0ED4yTR\"><a href=\"https:\/\/www.tourenwagenjuniorcup.de\/zahlen-und-fakten-zum-wochenende-auf-dem-hockenheimring\/\">ZAHLEN UND FAKTEN ZUM WOCHENENDE AUF DEM HOCKENHEIMRING<\/a><\/blockquote><iframe sandbox=\"allow-scripts\" security=\"restricted\" src=\"https:\/\/www.tourenwagenjuniorcup.de\/zahlen-und-fakten-zum-wochenende-auf-dem-hockenheimring\/embed\/#?secret=qHs0ED4yTR\" width=\"600\" height=\"338\" title=\"&#8220;ZAHLEN UND FAKTEN ZUM WOCHENENDE AUF DEM HOCKENHEIMRING&#8221; &#8212; ADAC Tourenwagen Junior Cup\" data-secret=\"qHs0ED4yTR\" frameborder=\"0\" marginwidth=\"0\" marginheight=\"0\" scrolling=\"no\" class=\"wp-embedded-content\"><\/iframe><script type=\"text\/javascript\">\n\/* <![CDATA[ *\/\n\/*! This file is auto-generated *\/\n!function(d,l){\"use strict\";l.querySelector&&d.addEventListener&&\"undefined\"!=typeof URL&&(d.wp=d.wp||{},d.wp.receiveEmbedMessage||(d.wp.receiveEmbedMessage=function(e){var t=e.data;if((t||t.secret||t.message||t.value)&&!\/[^a-zA-Z0-9]\/.test(t.secret)){for(var s,r,n,a=l.querySelectorAll('iframe[data-secret=\"'+t.secret+'\"]'),o=l.querySelectorAll('blockquote[data-secret=\"'+t.secret+'\"]'),c=new RegExp(\"^https?:$\",\"i\"),i=0;i<o.length;i++)o[i].style.display=\"none\";for(i=0;i<a.length;i++)s=a[i],e.source===s.contentWindow&&(s.removeAttribute(\"style\"),\"height\"===t.message?(1e3<(r=parseInt(t.value,10))?r=1e3:~~r<200&&(r=200),s.height=r):\"link\"===t.message&&(r=new URL(s.getAttribute(\"src\")),n=new URL(t.value),c.test(n.protocol))&&n.host===r.host&&l.activeElement===s&&(d.top.location.href=t.value))}},d.addEventListener(\"message\",d.wp.receiveEmbedMessage,!1),l.addEventListener(\"DOMContentLoaded\",function(){for(var e,t,s=l.querySelectorAll(\"iframe.wp-embedded-content\"),r=0;r<s.length;r++)(t=(e=s[r]).getAttribute(\"data-secret\"))||(t=Math.random().toString(36).substring(2,12),e.src+=\"#?secret=\"+t,e.setAttribute(\"data-secret\",t)),e.contentWindow.postMessage({message:\"ready\",secret:t},\"*\")},!1)))}(window,document);\n\/* ]]> *\/\n<\/script>\n","thumbnail_url":"https:\/\/www.tourenwagenjuniorcup.de\/wp-content\/uploads\/ZuF_Hockenheimring_2025-768x512.jpeg","thumbnail_width":600,"thumbnail_height":400,"description":"Endlich zweistellige Bestenlisten, neue Altersrekorde und erfolgreiche Deb\u00fcts: Zahltag nach dem Rennwochenende auf dem Hockenheimring Baden-W\u00fcrttemberg. F\u00fcnfe gerade sein lassen: Mit seiner f\u00fcnften Pole-Position im ADAC Tourenwagen Junior Cup r\u00fcckt Julian Konrad (KONRAD-Motorsport) in der ewigen Bestenliste auf den zweiten Platz vor. Der 17-J\u00e4hrige liegt nun gleichauf mit Leon Arndt und Cedric Fuchs, w\u00e4hrend nur Tabellenf\u00fchrer Mike M\u00fcller (TOPCAR sport) ... Read More"}

Endlich zweistellige Bestenlisten, neue Altersrekorde und erfolgreiche Debüts: Zahltag nach dem Rennwochenende auf dem Hockenheimring Baden-Württemberg. Fünfe gerade sein lassen: Mit seiner fünften Pole-Position im ADAC Tourenwagen Junior Cup rückt Julian Konrad (KONRAD-Motorsport) in der ewigen Bestenliste auf den zweiten Platz vor. Der 17-Jährige liegt nun gleichauf mit Leon Arndt und Cedric Fuchs, während nur Tabellenführer Mike Müller (TOPCAR sport) ... Read More
