{"version":"1.0","provider_name":"ADAC Tourenwagen Junior Cup","provider_url":"https:\/\/www.tourenwagenjuniorcup.de\/en\/","author_name":"Matthias Meyer","author_url":"https:\/\/www.tourenwagenjuniorcup.de\/en\/author\/matthias\/","title":"ZWEI TRIUMPHE F\u00dcR TIM R\u00d6LLEKE | ADAC Tourenwagen Junior Cup","type":"rich","width":600,"height":338,"html":"<blockquote class=\"wp-embedded-content\" data-secret=\"5Y7rREm8JP\"><a href=\"https:\/\/www.tourenwagenjuniorcup.de\/zwei-triumphe-fuer-tim-roelleke\/\">ZWEI TRIUMPHE F\u00dcR TIM R\u00d6LLEKE<\/a><\/blockquote><iframe sandbox=\"allow-scripts\" security=\"restricted\" src=\"https:\/\/www.tourenwagenjuniorcup.de\/zwei-triumphe-fuer-tim-roelleke\/embed\/#?secret=5Y7rREm8JP\" width=\"600\" height=\"338\" title=\"&#8220;ZWEI TRIUMPHE F\u00dcR TIM R\u00d6LLEKE&#8221; &#8212; ADAC Tourenwagen Junior Cup\" data-secret=\"5Y7rREm8JP\" frameborder=\"0\" marginwidth=\"0\" marginheight=\"0\" scrolling=\"no\" class=\"wp-embedded-content\"><\/iframe><script type=\"text\/javascript\">\n\/* <![CDATA[ *\/\n\/*! This file is auto-generated *\/\n!function(d,l){\"use strict\";l.querySelector&&d.addEventListener&&\"undefined\"!=typeof URL&&(d.wp=d.wp||{},d.wp.receiveEmbedMessage||(d.wp.receiveEmbedMessage=function(e){var t=e.data;if((t||t.secret||t.message||t.value)&&!\/[^a-zA-Z0-9]\/.test(t.secret)){for(var s,r,n,a=l.querySelectorAll('iframe[data-secret=\"'+t.secret+'\"]'),o=l.querySelectorAll('blockquote[data-secret=\"'+t.secret+'\"]'),c=new RegExp(\"^https?:$\",\"i\"),i=0;i<o.length;i++)o[i].style.display=\"none\";for(i=0;i<a.length;i++)s=a[i],e.source===s.contentWindow&&(s.removeAttribute(\"style\"),\"height\"===t.message?(1e3<(r=parseInt(t.value,10))?r=1e3:~~r<200&&(r=200),s.height=r):\"link\"===t.message&&(r=new URL(s.getAttribute(\"src\")),n=new URL(t.value),c.test(n.protocol))&&n.host===r.host&&l.activeElement===s&&(d.top.location.href=t.value))}},d.addEventListener(\"message\",d.wp.receiveEmbedMessage,!1),l.addEventListener(\"DOMContentLoaded\",function(){for(var e,t,s=l.querySelectorAll(\"iframe.wp-embedded-content\"),r=0;r<s.length;r++)(t=(e=s[r]).getAttribute(\"data-secret\"))||(t=Math.random().toString(36).substring(2,12),e.src+=\"#?secret=\"+t,e.setAttribute(\"data-secret\",t)),e.contentWindow.postMessage({message:\"ready\",secret:t},\"*\")},!1)))}(window,document);\n\/* ]]> *\/\n<\/script>\n","thumbnail_url":"https:\/\/www.tourenwagenjuniorcup.de\/wp-content\/uploads\/DSC_6403_DxO.jpg","thumbnail_width":1920,"thumbnail_height":1282,"description":"An diesem Wochenende bestritt der Tourenwagen Junior Cup auf der Grand-Prix-Strecke des N\u00fcrburgrings die Saisonl\u00e4ufe sieben und acht. Auf dem 5,137 Kilometer langen Kurs in der Eifel machte Tim R\u00f6lleke die beste Figur, der Nachwuchspilot aus dem Team Konrad Motorsport durfte sich als Doppelsieger feiern lassen. Daniel Gregor begleitete ihn zweimal auf das Treppchen, Nick Hancke und Florian Vietze nahmen ... Read More"}

ZWEI TRIUMPHE FÜR TIM RÖLLEKE | ADAC Tourenwagen Junior Cup

<blockquote class="wp-embedded-content" data-secret="5Y7rREm8JP"><a href="https://www.tourenwagenjuniorcup.de/zwei-triumphe-fuer-tim-roelleke/">ZWEI TRIUMPHE FÜR TIM RÖLLEKE</a></blockquote><iframe sandbox="allow-scripts" security="restricted" src="https://www.tourenwagenjuniorcup.de/zwei-triumphe-fuer-tim-roelleke/embed/#?secret=5Y7rREm8JP" width="600" height="338" title="&#8220;ZWEI TRIUMPHE FÜR TIM RÖLLEKE&#8221; &#8212; ADAC Tourenwagen Junior Cup" data-secret="5Y7rREm8JP" frameborder="0" marginwidth="0" marginheight="0" scrolling="no" class="wp-embedded-content"></iframe><script type="text/javascript">
/* <![CDATA[ */
/*! This file is auto-generated */
!function(d,l){"use strict";l.querySelector&&d.addEventListener&&"undefined"!=typeof URL&&(d.wp=d.wp||{},d.wp.receiveEmbedMessage||(d.wp.receiveEmbedMessage=function(e){var t=e.data;if((t||t.secret||t.message||t.value)&&!/[^a-zA-Z0-9]/.test(t.secret)){for(var s,r,n,a=l.querySelectorAll('iframe[data-secret="'+t.secret+'"]'),o=l.querySelectorAll('blockquote[data-secret="'+t.secret+'"]'),c=new RegExp("^https?:$","i"),i=0;i<o.length;i++)o[i].style.display="none";for(i=0;i<a.length;i++)s=a[i],e.source===s.contentWindow&&(s.removeAttribute("style"),"height"===t.message?(1e3<(r=parseInt(t.value,10))?r=1e3:~~r<200&&(r=200),s.height=r):"link"===t.message&&(r=new URL(s.getAttribute("src")),n=new URL(t.value),c.test(n.protocol))&&n.host===r.host&&l.activeElement===s&&(d.top.location.href=t.value))}},d.addEventListener("message",d.wp.receiveEmbedMessage,!1),l.addEventListener("DOMContentLoaded",function(){for(var e,t,s=l.querySelectorAll("iframe.wp-embedded-content"),r=0;r<s.length;r++)(t=(e=s[r]).getAttribute("data-secret"))||(t=Math.random().toString(36).substring(2,12),e.src+="#?secret="+t,e.setAttribute("data-secret",t)),e.contentWindow.postMessage({message:"ready",secret:t},"*")},!1)))}(window,document);
/* ]]> */
</script>

An diesem Wochenende bestritt der Tourenwagen Junior Cup auf der Grand-Prix-Strecke des Nürburgrings die Saisonläufe sieben und acht. Auf dem 5,137 Kilometer langen Kurs in der Eifel machte Tim Rölleke die beste Figur, der Nachwuchspilot aus dem Team Konrad Motorsport durfte sich als Doppelsieger feiern lassen. Daniel Gregor begleitete ihn zweimal auf das Treppchen, Nick Hancke und Florian Vietze nahmen ... Read More
