{"id":4994,"date":"2019-09-27T09:05:29","date_gmt":"2019-09-27T09:05:29","guid":{"rendered":"https:\/\/www.tourenwagenjuniorcup.de\/news\/"},"modified":"2022-11-27T13:42:09","modified_gmt":"2022-11-27T13:42:09","slug":"news","status":"publish","type":"page","link":"https:\/\/www.tourenwagenjuniorcup.de\/en\/news\/","title":{"rendered":"NEWS"},"content":{"rendered":"<div id=\"cs-content\" class=\"cs-content\"><\/div>\n","protected":false},"excerpt":{"rendered":"<p>NEWS Unkategorisiert, OptionalMATTI KLASEN: BULLSEYE UND PODIUM IM ZWEITEN JAHR FEST IM VISIERHeiko StritzkeUnkategorisiert, OptionalMORITZ GRONECK: DER TITELFAVORIT IM PORTR\u00c4THeiko StritzkeUnkategorisiert, OptionalBRUNO G\u00d6RTZ: VOM TALENT DAY ZUM TEAMCHEF-ASPIRANTENHeiko StritzkeUnkategorisiert, OptionalLYNN NEUHAUS: MIT SCHWEIZER PR\u00c4ZISION UND NEUEM FOKUS INS ZWEITE JAHRHeiko StritzkeUnkategorisiert, OptionalROBIN B\u00d6HM: SLALOM-CHAMPION WAGT SPRUNG AUF DIE RUNDSTRECKEHeiko StritzkeUnkategorisiert, OptionalMATTIS BACHNICK: AUS DEM SIMULATOR AUF DIE \u00dcBERHOLSPURHeiko StritzkeUnkategorisiert, OptionalALEX &#8230; <\/p>\n<div><a href=\"https:\/\/www.tourenwagenjuniorcup.de\/luca-treusch-mit-14-jahren-zielstrebig-und-topvorbereitet\/\" class=\"more-link\">Read More<\/a><\/div>\n","protected":false},"author":3,"featured_media":0,"parent":0,"menu_order":2,"comment_status":"closed","ping_status":"closed","template":"template-blank-4.php","meta":{"footnotes":""},"class_list":["post-4994","page","type-page","status-publish","hentry","no-post-thumbnail"],"yoast_head":"<!-- This site is optimized with the Yoast SEO plugin v25.9 - https:\/\/yoast.com\/wordpress\/plugins\/seo\/ -->\n<title>NEWS | ADAC Tourenwagen Junior Cup<\/title>\n<meta name=\"robots\" content=\"index, follow, max-snippet:-1, max-image-preview:large, max-video-preview:-1\" \/>\n<link rel=\"canonical\" href=\"https:\/\/www.tourenwagenjuniorcup.de\/en\/news\/\" \/>\n<meta property=\"og:locale\" content=\"en_US\" \/>\n<meta property=\"og:type\" content=\"article\" \/>\n<meta property=\"og:title\" content=\"NEWS | ADAC Tourenwagen Junior Cup\" \/>\n<meta property=\"og:description\" content=\"NEWS Unkategorisiert, OptionalMATTI KLASEN: BULLSEYE UND PODIUM IM ZWEITEN JAHR FEST IM VISIERHeiko StritzkeUnkategorisiert, OptionalMORITZ GRONECK: DER TITELFAVORIT IM PORTR\u00c4THeiko StritzkeUnkategorisiert, OptionalBRUNO G\u00d6RTZ: VOM TALENT DAY ZUM TEAMCHEF-ASPIRANTENHeiko StritzkeUnkategorisiert, OptionalLYNN NEUHAUS: MIT SCHWEIZER PR\u00c4ZISION UND NEUEM FOKUS INS ZWEITE JAHRHeiko StritzkeUnkategorisiert, OptionalROBIN B\u00d6HM: SLALOM-CHAMPION WAGT SPRUNG AUF DIE RUNDSTRECKEHeiko StritzkeUnkategorisiert, OptionalMATTIS BACHNICK: AUS DEM SIMULATOR AUF DIE \u00dcBERHOLSPURHeiko StritzkeUnkategorisiert, OptionalALEX ... Read More\" \/>\n<meta property=\"og:url\" content=\"https:\/\/www.tourenwagenjuniorcup.de\/en\/news\/\" \/>\n<meta property=\"og:site_name\" content=\"ADAC Tourenwagen Junior Cup\" \/>\n<meta property=\"article:modified_time\" content=\"2022-11-27T13:42:09+00:00\" \/>\n<meta name=\"twitter:card\" content=\"summary_large_image\" \/>\n<script type=\"application\/ld+json\" class=\"yoast-schema-graph\">{\"@context\":\"https:\/\/schema.org\",\"@graph\":[{\"@type\":\"WebPage\",\"@id\":\"https:\/\/www.tourenwagenjuniorcup.de\/en\/news\/\",\"url\":\"https:\/\/www.tourenwagenjuniorcup.de\/en\/news\/\",\"name\":\"NEWS | ADAC Tourenwagen Junior Cup\",\"isPartOf\":{\"@id\":\"https:\/\/www.tourenwagenjuniorcup.de\/en\/#website\"},\"datePublished\":\"2019-09-27T09:05:29+00:00\",\"dateModified\":\"2022-11-27T13:42:09+00:00\",\"breadcrumb\":{\"@id\":\"https:\/\/www.tourenwagenjuniorcup.de\/en\/news\/#breadcrumb\"},\"inLanguage\":\"en-US\",\"potentialAction\":[{\"@type\":\"ReadAction\",\"target\":[\"https:\/\/www.tourenwagenjuniorcup.de\/en\/news\/\"]}]},{\"@type\":\"BreadcrumbList\",\"@id\":\"https:\/\/www.tourenwagenjuniorcup.de\/en\/news\/#breadcrumb\",\"itemListElement\":[{\"@type\":\"ListItem\",\"position\":1,\"name\":\"Startseite\",\"item\":\"https:\/\/www.tourenwagenjuniorcup.de\/en\/\"},{\"@type\":\"ListItem\",\"position\":2,\"name\":\"NEWS\"}]},{\"@type\":\"WebSite\",\"@id\":\"https:\/\/www.tourenwagenjuniorcup.de\/en\/#website\",\"url\":\"https:\/\/www.tourenwagenjuniorcup.de\/en\/\",\"name\":\"ADAC Tourenwagen Junior Cup\",\"description\":\"Der ADAC Tourenwagen Junior Cup ist die deutsche Nachwuchsliga und dein Sprungbrett in den Profi-Sport.\",\"potentialAction\":[{\"@type\":\"SearchAction\",\"target\":{\"@type\":\"EntryPoint\",\"urlTemplate\":\"https:\/\/www.tourenwagenjuniorcup.de\/en\/?s={search_term_string}\"},\"query-input\":{\"@type\":\"PropertyValueSpecification\",\"valueRequired\":true,\"valueName\":\"search_term_string\"}}],\"inLanguage\":\"en-US\"}]}<\/script>\n<!-- \/ Yoast SEO plugin. -->","yoast_head_json":{"title":"NEWS | ADAC Tourenwagen Junior Cup","robots":{"index":"index","follow":"follow","max-snippet":"max-snippet:-1","max-image-preview":"max-image-preview:large","max-video-preview":"max-video-preview:-1"},"canonical":"https:\/\/www.tourenwagenjuniorcup.de\/en\/news\/","og_locale":"en_US","og_type":"article","og_title":"NEWS | ADAC Tourenwagen Junior Cup","og_description":"NEWS Unkategorisiert, OptionalMATTI KLASEN: BULLSEYE UND PODIUM IM ZWEITEN JAHR FEST IM VISIERHeiko StritzkeUnkategorisiert, OptionalMORITZ GRONECK: DER TITELFAVORIT IM PORTR\u00c4THeiko StritzkeUnkategorisiert, OptionalBRUNO G\u00d6RTZ: VOM TALENT DAY ZUM TEAMCHEF-ASPIRANTENHeiko StritzkeUnkategorisiert, OptionalLYNN NEUHAUS: MIT SCHWEIZER PR\u00c4ZISION UND NEUEM FOKUS INS ZWEITE JAHRHeiko StritzkeUnkategorisiert, OptionalROBIN B\u00d6HM: SLALOM-CHAMPION WAGT SPRUNG AUF DIE RUNDSTRECKEHeiko StritzkeUnkategorisiert, OptionalMATTIS BACHNICK: AUS DEM SIMULATOR AUF DIE \u00dcBERHOLSPURHeiko StritzkeUnkategorisiert, OptionalALEX ... Read More","og_url":"https:\/\/www.tourenwagenjuniorcup.de\/en\/news\/","og_site_name":"ADAC Tourenwagen Junior Cup","article_modified_time":"2022-11-27T13:42:09+00:00","twitter_card":"summary_large_image","schema":{"@context":"https:\/\/schema.org","@graph":[{"@type":"WebPage","@id":"https:\/\/www.tourenwagenjuniorcup.de\/en\/news\/","url":"https:\/\/www.tourenwagenjuniorcup.de\/en\/news\/","name":"NEWS | ADAC Tourenwagen Junior Cup","isPartOf":{"@id":"https:\/\/www.tourenwagenjuniorcup.de\/en\/#website"},"datePublished":"2019-09-27T09:05:29+00:00","dateModified":"2022-11-27T13:42:09+00:00","breadcrumb":{"@id":"https:\/\/www.tourenwagenjuniorcup.de\/en\/news\/#breadcrumb"},"inLanguage":"en-US","potentialAction":[{"@type":"ReadAction","target":["https:\/\/www.tourenwagenjuniorcup.de\/en\/news\/"]}]},{"@type":"BreadcrumbList","@id":"https:\/\/www.tourenwagenjuniorcup.de\/en\/news\/#breadcrumb","itemListElement":[{"@type":"ListItem","position":1,"name":"Startseite","item":"https:\/\/www.tourenwagenjuniorcup.de\/en\/"},{"@type":"ListItem","position":2,"name":"NEWS"}]},{"@type":"WebSite","@id":"https:\/\/www.tourenwagenjuniorcup.de\/en\/#website","url":"https:\/\/www.tourenwagenjuniorcup.de\/en\/","name":"ADAC Tourenwagen Junior Cup","description":"Der ADAC Tourenwagen Junior Cup ist die deutsche Nachwuchsliga und dein Sprungbrett in den Profi-Sport.","potentialAction":[{"@type":"SearchAction","target":{"@type":"EntryPoint","urlTemplate":"https:\/\/www.tourenwagenjuniorcup.de\/en\/?s={search_term_string}"},"query-input":{"@type":"PropertyValueSpecification","valueRequired":true,"valueName":"search_term_string"}}],"inLanguage":"en-US"}]}},"_links":{"self":[{"href":"https:\/\/www.tourenwagenjuniorcup.de\/en\/wp-json\/wp\/v2\/pages\/4994","targetHints":{"allow":["GET"]}}],"collection":[{"href":"https:\/\/www.tourenwagenjuniorcup.de\/en\/wp-json\/wp\/v2\/pages"}],"about":[{"href":"https:\/\/www.tourenwagenjuniorcup.de\/en\/wp-json\/wp\/v2\/types\/page"}],"author":[{"embeddable":true,"href":"https:\/\/www.tourenwagenjuniorcup.de\/en\/wp-json\/wp\/v2\/users\/3"}],"replies":[{"embeddable":true,"href":"https:\/\/www.tourenwagenjuniorcup.de\/en\/wp-json\/wp\/v2\/comments?post=4994"}],"version-history":[{"count":3,"href":"https:\/\/www.tourenwagenjuniorcup.de\/en\/wp-json\/wp\/v2\/pages\/4994\/revisions"}],"predecessor-version":[{"id":5033,"href":"https:\/\/www.tourenwagenjuniorcup.de\/en\/wp-json\/wp\/v2\/pages\/4994\/revisions\/5033"}],"wp:attachment":[{"href":"https:\/\/www.tourenwagenjuniorcup.de\/en\/wp-json\/wp\/v2\/media?parent=4994"}],"curies":[{"name":"wp","href":"https:\/\/api.w.org\/{rel}","templated":true}]}}

<p>NEWS Unkategorisiert, OptionalMATTI KLASEN: BULLSEYE UND PODIUM IM ZWEITEN JAHR FEST IM VISIERHeiko StritzkeUnkategorisiert, OptionalMORITZ GRONECK: DER TITELFAVORIT IM PORTRÄTHeiko StritzkeUnkategorisiert, OptionalBRUNO GÖRTZ: VOM TALENT DAY ZUM TEAMCHEF-ASPIRANTENHeiko StritzkeUnkategorisiert, OptionalLYNN NEUHAUS: MIT SCHWEIZER PRÄZISION UND NEUEM FOKUS INS ZWEITE JAHRHeiko StritzkeUnkategorisiert, OptionalROBIN BÖHM: SLALOM-CHAMPION WAGT SPRUNG AUF DIE RUNDSTRECKEHeiko StritzkeUnkategorisiert, OptionalMATTIS BACHNICK: AUS DEM SIMULATOR AUF DIE ÜBERHOLSPURHeiko StritzkeUnkategorisiert, OptionalALEX &#8230; </p>
<div><a href="https://www.tourenwagenjuniorcup.de/luca-treusch-mit-14-jahren-zielstrebig-und-topvorbereitet/" class="more-link">Read More</a></div>

<!-- This site is optimized with the Yoast SEO plugin v25.9 - https://yoast.com/wordpress/plugins/seo/ -->
<title>NEWS | ADAC Tourenwagen Junior Cup</title>
<meta name="robots" content="index, follow, max-snippet:-1, max-image-preview:large, max-video-preview:-1" />
<link rel="canonical" href="https://www.tourenwagenjuniorcup.de/en/news/" />
<meta property="og:locale" content="en_US" />
<meta property="og:type" content="article" />
<meta property="og:title" content="NEWS | ADAC Tourenwagen Junior Cup" />
<meta property="og:description" content="NEWS Unkategorisiert, OptionalMATTI KLASEN: BULLSEYE UND PODIUM IM ZWEITEN JAHR FEST IM VISIERHeiko StritzkeUnkategorisiert, OptionalMORITZ GRONECK: DER TITELFAVORIT IM PORTRÄTHeiko StritzkeUnkategorisiert, OptionalBRUNO GÖRTZ: VOM TALENT DAY ZUM TEAMCHEF-ASPIRANTENHeiko StritzkeUnkategorisiert, OptionalLYNN NEUHAUS: MIT SCHWEIZER PRÄZISION UND NEUEM FOKUS INS ZWEITE JAHRHeiko StritzkeUnkategorisiert, OptionalROBIN BÖHM: SLALOM-CHAMPION WAGT SPRUNG AUF DIE RUNDSTRECKEHeiko StritzkeUnkategorisiert, OptionalMATTIS BACHNICK: AUS DEM SIMULATOR AUF DIE ÜBERHOLSPURHeiko StritzkeUnkategorisiert, OptionalALEX ... Read More" />
<meta property="og:url" content="https://www.tourenwagenjuniorcup.de/en/news/" />
<meta property="og:site_name" content="ADAC Tourenwagen Junior Cup" />
<meta property="article:modified_time" content="2022-11-27T13:42:09+00:00" />
<meta name="twitter:card" content="summary_large_image" />
<script type="application/ld+json" class="yoast-schema-graph">{"@context":"https://schema.org","@graph":[{"@type":"WebPage","@id":"https://www.tourenwagenjuniorcup.de/en/news/","url":"https://www.tourenwagenjuniorcup.de/en/news/","name":"NEWS | ADAC Tourenwagen Junior Cup","isPartOf":{"@id":"https://www.tourenwagenjuniorcup.de/en/#website"},"datePublished":"2019-09-27T09:05:29+00:00","dateModified":"2022-11-27T13:42:09+00:00","breadcrumb":{"@id":"https://www.tourenwagenjuniorcup.de/en/news/#breadcrumb"},"inLanguage":"en-US","potentialAction":[{"@type":"ReadAction","target":["https://www.tourenwagenjuniorcup.de/en/news/"]}]},{"@type":"BreadcrumbList","@id":"https://www.tourenwagenjuniorcup.de/en/news/#breadcrumb","itemListElement":[{"@type":"ListItem","position":1,"name":"Startseite","item":"https://www.tourenwagenjuniorcup.de/en/"},{"@type":"ListItem","position":2,"name":"NEWS"}]},{"@type":"WebSite","@id":"https://www.tourenwagenjuniorcup.de/en/#website","url":"https://www.tourenwagenjuniorcup.de/en/","name":"ADAC Tourenwagen Junior Cup","description":"Der ADAC Tourenwagen Junior Cup ist die deutsche Nachwuchsliga und dein Sprungbrett in den Profi-Sport.","potentialAction":[{"@type":"SearchAction","target":{"@type":"EntryPoint","urlTemplate":"https://www.tourenwagenjuniorcup.de/en/?s={search_term_string}"},"query-input":{"@type":"PropertyValueSpecification","valueRequired":true,"valueName":"search_term_string"}}],"inLanguage":"en-US"}]}</script>
<!-- / Yoast SEO plugin. -->

NEWS Unkategorisiert, OptionalMATTI KLASEN: BULLSEYE UND PODIUM IM ZWEITEN JAHR FEST IM VISIERHeiko StritzkeUnkategorisiert, OptionalMORITZ GRONECK: DER TITELFAVORIT IM PORTRÄTHeiko StritzkeUnkategorisiert, OptionalBRUNO GÖRTZ: VOM TALENT DAY ZUM TEAMCHEF-ASPIRANTENHeiko StritzkeUnkategorisiert, OptionalLYNN NEUHAUS: MIT SCHWEIZER PRÄZISION UND NEUEM FOKUS INS ZWEITE JAHRHeiko StritzkeUnkategorisiert, OptionalROBIN BÖHM: SLALOM-CHAMPION WAGT SPRUNG AUF DIE RUNDSTRECKEHeiko StritzkeUnkategorisiert, OptionalMATTIS BACHNICK: AUS DEM SIMULATOR AUF DIE ÜBERHOLSPURHeiko StritzkeUnkategorisiert, OptionalALEX ... Read More
